{"id":440,"date":"2023-08-17T08:02:53","date_gmt":"2023-08-17T06:02:53","guid":{"rendered":"https:\/\/demosites.royal-elementor-addons.com\/nature-v2\/?page_id=11"},"modified":"2025-07-28T03:16:41","modified_gmt":"2025-07-28T01:16:41","slug":"about","status":"publish","type":"page","link":"http:\/\/diderot.education\/56d514-nina-saint\/about\/","title":{"rendered":"Espace pro"},"content":{"rendered":"\t\t<div data-elementor-type=\"wp-page\" data-elementor-id=\"440\" class=\"elementor elementor-440\">\n\t\t\t\t\t\t<header class=\"elementor-section elementor-top-section elementor-element elementor-element-1de0b1d elementor-section-height-min-height elementor-section-stretched elementor-section-full_width elementor-section-height-default elementor-section-items-middle wpr-particle-no wpr-jarallax-no wpr-parallax-no wpr-equal-height-no\" data-id=\"1de0b1d\" data-element_type=\"section\" data-e-type=\"section\" data-settings=\"{&quot;background_background&quot;:&quot;classic&quot;,&quot;stretch_section&quot;:&quot;section-stretched&quot;}\">\n\t\t\t\t\t\t\t<div class=\"elementor-background-overlay\"><\/div>\n\t\t\t\t\t\t\t<div class=\"elementor-container elementor-column-gap-default\">\n\t\t\t\t\t<div class=\"elementor-column elementor-col-100 elementor-top-column elementor-element elementor-element-29c9758\" data-id=\"29c9758\" data-element_type=\"column\" data-e-type=\"column\">\n\t\t\t<div class=\"elementor-widget-wrap elementor-element-populated\">\n\t\t\t\t\t\t<div class=\"elementor-element elementor-element-93d891a elementor-widget elementor-widget-heading\" data-id=\"93d891a\" data-element_type=\"widget\" data-e-type=\"widget\" data-widget_type=\"heading.default\">\n\t\t\t\t<div class=\"elementor-widget-container\">\n\t\t\t\t\t<h2 class=\"elementor-heading-title elementor-size-default\">Espace pro<\/h2>\t\t\t\t<\/div>\n\t\t\t\t<\/div>\n\t\t\t\t\t<\/div>\n\t\t<\/div>\n\t\t\t\t\t<\/div>\n\t\t<\/header>\n\t\t<div class=\"elementor-element elementor-element-2e1f74e e-flex e-con-boxed wpr-particle-no wpr-jarallax-no wpr-parallax-no wpr-sticky-section-no wpr-equal-height-no e-con e-parent\" data-id=\"2e1f74e\" data-element_type=\"container\" data-e-type=\"container\">\n\t\t\t\t\t<div class=\"e-con-inner\">\n\t\t\t\t<div class=\"elementor-element elementor-element-dc711dc elementor-widget elementor-widget-spacer\" data-id=\"dc711dc\" data-element_type=\"widget\" data-e-type=\"widget\" data-widget_type=\"spacer.default\">\n\t\t\t\t<div class=\"elementor-widget-container\">\n\t\t\t\t\t\t\t<div class=\"elementor-spacer\">\n\t\t\t<div class=\"elementor-spacer-inner\"><\/div>\n\t\t<\/div>\n\t\t\t\t\t\t<\/div>\n\t\t\t\t<\/div>\n\t\t\t\t<div class=\"elementor-element elementor-element-06a92eb elementor-widget elementor-widget-heading\" data-id=\"06a92eb\" data-element_type=\"widget\" data-e-type=\"widget\" data-widget_type=\"heading.default\">\n\t\t\t\t<div class=\"elementor-widget-container\">\n\t\t\t\t\t<h2 class=\"elementor-heading-title elementor-size-default\">Etudiante en \u00e9cologie, actuellement \u00e0 la recherche d'une alternance<\/h2>\t\t\t\t<\/div>\n\t\t\t\t<\/div>\n\t\t\t\t<div class=\"elementor-element elementor-element-6d9bb9b elementor-widget elementor-widget-text-editor\" data-id=\"6d9bb9b\" data-element_type=\"widget\" data-e-type=\"widget\" data-widget_type=\"text-editor.default\">\n\t\t\t\t<div class=\"elementor-widget-container\">\n\t\t\t\t\t\t\t\t\t<p>Mon objectif<\/p>\n<ul>\n<li>Contribuer activement \u00e0 des projets concrets li\u00e9s \u00e0 :\n<ul>\n<li>La protection de la faune sauvage<\/li>\n<li>La gestion de la biodiversit\u00e9<\/li>\n<li>L&rsquo;\u00e9ducation \u00e0 l&rsquo;environnement<\/li>\n<li>Les suivis de terrain et la m\u00e9diation scientifique<\/li>\n<\/ul>\n<\/li>\n<li>Mon profil<\/li>\n<li>Je suis Nina, \u00e9tudiante en 1\u00e8re ann\u00e9e de master \u00e0 l&rsquo;EGPN. Voici un aper\u00e7u de mes comp\u00e9tences :\n<ul>\n<li>Inventaire naturalistes (mammif\u00e8res, oiseaux, amphibiens&#8230;)<\/li>\n<li>Utilisation de SIG (QGIS)<\/li>\n<li>Analyse de donn\u00e9es environnementales<\/li>\n<li>Sensibilisation et communication nature<\/li>\n<\/ul>\n<\/li>\n<li>Ce que je peux vous apporter\n<ul>\n<li>Une grande motivation et une volont\u00e9 d&rsquo;apprendre<\/li>\n<li>Une approche rigoureuse, sur le terrain comme au bureau<\/li>\n<li>Un regard passionn\u00e9 sur la nature et ses enjeux<\/li>\n<\/ul>\n<\/li>\n<\/ul>\n<p>\u00a0<\/p>\t\t\t\t\t\t\t\t<\/div>\n\t\t\t\t<\/div>\n\t\t\t\t<div class=\"elementor-element elementor-element-746c3ef elementor-align-center elementor-widget elementor-widget-button\" data-id=\"746c3ef\" data-element_type=\"widget\" data-e-type=\"widget\" data-widget_type=\"button.default\">\n\t\t\t\t<div class=\"elementor-widget-container\">\n\t\t\t\t\t\t\t\t\t<div class=\"elementor-button-wrapper\">\n\t\t\t\t\t<a class=\"elementor-button elementor-button-link elementor-size-sm\" href=\"http:\/\/diderot.education\/56d514-nina-saint\/wp-content\/uploads\/sites\/837\/2025\/07\/Nina-Saint-CV-1.pdf\" target=\"_blank\">\n\t\t\t\t\t\t<span class=\"elementor-button-content-wrapper\">\n\t\t\t\t\t\t<span class=\"elementor-button-icon\">\n\t\t\t\t<svg aria-hidden=\"true\" class=\"e-font-icon-svg e-fas-arrow-circle-down\" viewBox=\"0 0 512 512\" xmlns=\"http:\/\/www.w3.org\/2000\/svg\"><path d=\"M504 256c0 137-111 248-248 248S8 393 8 256 119 8 256 8s248 111 248 248zm-143.6-28.9L288 302.6V120c0-13.3-10.7-24-24-24h-16c-13.3 0-24 10.7-24 24v182.6l-72.4-75.5c-9.3-9.7-24.8-9.9-34.3-.4l-10.9 11c-9.4 9.4-9.4 24.6 0 33.9L239 404.3c9.4 9.4 24.6 9.4 33.9 0l132.7-132.7c9.4-9.4 9.4-24.6 0-33.9l-10.9-11c-9.5-9.5-25-9.3-34.3.4z\"><\/path><\/svg>\t\t\t<\/span>\n\t\t\t\t\t\t\t\t\t<span class=\"elementor-button-text\">T\u00e9l\u00e9charger mon CV<\/span>\n\t\t\t\t\t<\/span>\n\t\t\t\t\t<\/a>\n\t\t\t\t<\/div>\n\t\t\t\t\t\t\t\t<\/div>\n\t\t\t\t<\/div>\n\t\t\t\t<div class=\"elementor-element elementor-element-0d08487 elementor-widget elementor-widget-text-editor\" data-id=\"0d08487\" data-element_type=\"widget\" data-e-type=\"widget\" data-widget_type=\"text-editor.default\">\n\t\t\t\t<div class=\"elementor-widget-container\">\n\t\t\t\t\t\t\t\t\t<p>Contact : ninasaint@egpn.fr<\/p>\n<p><img decoding=\"async\" class=\"emoji\" role=\"img\" src=\"https:\/\/s.w.org\/images\/core\/emoji\/15.0.3\/svg\/1f4cd.svg\" alt=\"\ud83d\udccd\" \/> Disponible \u00e0 Montpellier et ses alentours. Je suis v\u00e9hicul\u00e9e.<\/p>\n<p>Merci pour votre visite ! J&rsquo;ai h\u00e2te de collaborer avec une structure engag\u00e9e pour la biodiversit\u00e9.<\/p>\t\t\t\t\t\t\t\t<\/div>\n\t\t\t\t<\/div>\n\t\t\t\t\t<\/div>\n\t\t\t\t<\/div>\n\t\t\t\t<\/div>\n\t\t","protected":false},"excerpt":{"rendered":"<p>Espace pro Etudiante en \u00e9cologie, actuellement \u00e0 la recherche d&rsquo;une alternance Mon objectif Contribuer activement \u00e0 des projets concrets li\u00e9s \u00e0 : La protection de la faune sauvage La gestion de la biodiversit\u00e9 L&rsquo;\u00e9ducation \u00e0 l&rsquo;environnement Les suivis de terrain et la m\u00e9diation scientifique Mon profil Je suis Nina, \u00e9tudiante en 1\u00e8re ann\u00e9e de master \u00e0 l&rsquo;EGPN. Voici un aper\u00e7u de mes comp\u00e9tences : Inventaire naturalistes (mammif\u00e8res, oiseaux, amphibiens&#8230;) Utilisation de SIG (QGIS) Analyse de donn\u00e9es environnementales Sensibilisation et communication nature Ce que je peux vous apporter Une grande motivation et une volont\u00e9 d&rsquo;apprendre Une approche rigoureuse, sur le terrain comme au bureau Un regard passionn\u00e9 sur la nature et ses enjeux \u00a0 T\u00e9l\u00e9charger mon CV Contact : ninasaint@egpn.fr Disponible \u00e0 Montpellier et ses alentours. Je suis v\u00e9hicul\u00e9e. Merci pour votre visite ! J&rsquo;ai h\u00e2te de collaborer avec une structure engag\u00e9e pour la biodiversit\u00e9.<\/p>\n","protected":false},"author":843,"featured_media":0,"parent":0,"menu_order":0,"comment_status":"closed","ping_status":"closed","template":"elementor_canvas","meta":{"zakra_page_container_layout":"customizer","zakra_page_sidebar_layout":"customizer","zakra_remove_content_margin":false,"zakra_sidebar":"customizer","zakra_transparent_header":"customizer","zakra_logo":0,"zakra_main_header_style":"default","zakra_menu_item_color":"","zakra_menu_item_hover_color":"","zakra_menu_item_active_color":"","zakra_menu_active_style":"","zakra_page_header":true,"om_disable_all_campaigns":false,"footnotes":""},"class_list":["post-440","page","type-page","status-publish","hentry"],"featured_image_src":null,"yoast_head":"<!-- This site is optimized with the Yoast SEO plugin v27.5 - https:\/\/yoast.com\/product\/yoast-seo-wordpress\/ -->\n<title>Espace pro - Nina Saint \u00e9cologie<\/title>\n<meta name=\"robots\" content=\"index, follow, max-snippet:-1, max-image-preview:large, max-video-preview:-1\" \/>\n<link rel=\"canonical\" href=\"http:\/\/diderot.education\/56d514-nina-saint\/about\/\" \/>\n<meta property=\"og:locale\" content=\"fr_FR\" \/>\n<meta property=\"og:type\" content=\"article\" \/>\n<meta property=\"og:title\" content=\"Espace pro - Nina Saint \u00e9cologie\" \/>\n<meta property=\"og:description\" content=\"Espace pro Etudiante en \u00e9cologie, actuellement \u00e0 la recherche d&rsquo;une alternance Mon objectif Contribuer activement \u00e0 des projets concrets li\u00e9s \u00e0 : La protection de la faune sauvage La gestion de la biodiversit\u00e9 L&rsquo;\u00e9ducation \u00e0 l&rsquo;environnement Les suivis de terrain et la m\u00e9diation scientifique Mon profil Je suis Nina, \u00e9tudiante en 1\u00e8re ann\u00e9e de master \u00e0 l&rsquo;EGPN. Voici un aper\u00e7u de mes comp\u00e9tences : Inventaire naturalistes (mammif\u00e8res, oiseaux, amphibiens&#8230;) Utilisation de SIG (QGIS) Analyse de donn\u00e9es environnementales Sensibilisation et communication nature Ce que je peux vous apporter Une grande motivation et une volont\u00e9 d&rsquo;apprendre Une approche rigoureuse, sur le terrain comme au bureau Un regard passionn\u00e9 sur la nature et ses enjeux \u00a0 T\u00e9l\u00e9charger mon CV Contact : ninasaint@egpn.fr Disponible \u00e0 Montpellier et ses alentours. Je suis v\u00e9hicul\u00e9e. Merci pour votre visite ! J&rsquo;ai h\u00e2te de collaborer avec une structure engag\u00e9e pour la biodiversit\u00e9.\" \/>\n<meta property=\"og:url\" content=\"http:\/\/diderot.education\/56d514-nina-saint\/about\/\" \/>\n<meta property=\"og:site_name\" content=\"Nina Saint \u00e9cologie\" \/>\n<meta property=\"article:modified_time\" content=\"2025-07-28T01:16:41+00:00\" \/>\n<meta property=\"og:image\" content=\"https:\/\/s.w.org\/images\/core\/emoji\/15.0.3\/svg\/1f4cd.svg\" \/>\n<meta name=\"twitter:card\" content=\"summary_large_image\" \/>\n<meta name=\"twitter:label1\" content=\"Dur\u00e9e de lecture estim\u00e9e\" \/>\n\t<meta name=\"twitter:data1\" content=\"1 minute\" \/>\n<script type=\"application\/ld+json\" class=\"yoast-schema-graph\">{\"@context\":\"https:\\\/\\\/schema.org\",\"@graph\":[{\"@type\":\"WebPage\",\"@id\":\"http:\\\/\\\/diderot.education\\\/56d514-nina-saint\\\/about\\\/\",\"url\":\"http:\\\/\\\/diderot.education\\\/56d514-nina-saint\\\/about\\\/\",\"name\":\"Espace pro - Nina Saint \u00e9cologie\",\"isPartOf\":{\"@id\":\"http:\\\/\\\/diderot.education\\\/56d514-nina-saint\\\/#website\"},\"primaryImageOfPage\":{\"@id\":\"http:\\\/\\\/diderot.education\\\/56d514-nina-saint\\\/about\\\/#primaryimage\"},\"image\":{\"@id\":\"http:\\\/\\\/diderot.education\\\/56d514-nina-saint\\\/about\\\/#primaryimage\"},\"thumbnailUrl\":\"https:\\\/\\\/s.w.org\\\/images\\\/core\\\/emoji\\\/15.0.3\\\/svg\\\/1f4cd.svg\",\"datePublished\":\"2023-08-17T06:02:53+00:00\",\"dateModified\":\"2025-07-28T01:16:41+00:00\",\"breadcrumb\":{\"@id\":\"http:\\\/\\\/diderot.education\\\/56d514-nina-saint\\\/about\\\/#breadcrumb\"},\"inLanguage\":\"fr-FR\",\"potentialAction\":[{\"@type\":\"ReadAction\",\"target\":[\"http:\\\/\\\/diderot.education\\\/56d514-nina-saint\\\/about\\\/\"]}]},{\"@type\":\"ImageObject\",\"inLanguage\":\"fr-FR\",\"@id\":\"http:\\\/\\\/diderot.education\\\/56d514-nina-saint\\\/about\\\/#primaryimage\",\"url\":\"https:\\\/\\\/s.w.org\\\/images\\\/core\\\/emoji\\\/15.0.3\\\/svg\\\/1f4cd.svg\",\"contentUrl\":\"https:\\\/\\\/s.w.org\\\/images\\\/core\\\/emoji\\\/15.0.3\\\/svg\\\/1f4cd.svg\"},{\"@type\":\"BreadcrumbList\",\"@id\":\"http:\\\/\\\/diderot.education\\\/56d514-nina-saint\\\/about\\\/#breadcrumb\",\"itemListElement\":[{\"@type\":\"ListItem\",\"position\":1,\"name\":\"Accueil\",\"item\":\"http:\\\/\\\/diderot.education\\\/56d514-nina-saint\\\/\"},{\"@type\":\"ListItem\",\"position\":2,\"name\":\"Espace pro\"}]},{\"@type\":\"WebSite\",\"@id\":\"http:\\\/\\\/diderot.education\\\/56d514-nina-saint\\\/#website\",\"url\":\"http:\\\/\\\/diderot.education\\\/56d514-nina-saint\\\/\",\"name\":\"Nina Saint \u00e9cologie\",\"description\":\"\",\"publisher\":{\"@id\":\"http:\\\/\\\/diderot.education\\\/56d514-nina-saint\\\/#organization\"},\"potentialAction\":[{\"@type\":\"SearchAction\",\"target\":{\"@type\":\"EntryPoint\",\"urlTemplate\":\"http:\\\/\\\/diderot.education\\\/56d514-nina-saint\\\/?s={search_term_string}\"},\"query-input\":{\"@type\":\"PropertyValueSpecification\",\"valueRequired\":true,\"valueName\":\"search_term_string\"}}],\"inLanguage\":\"fr-FR\"},{\"@type\":\"Organization\",\"@id\":\"http:\\\/\\\/diderot.education\\\/56d514-nina-saint\\\/#organization\",\"name\":\"Nina Saint \u00e9cologie\",\"url\":\"http:\\\/\\\/diderot.education\\\/56d514-nina-saint\\\/\",\"logo\":{\"@type\":\"ImageObject\",\"inLanguage\":\"fr-FR\",\"@id\":\"http:\\\/\\\/diderot.education\\\/56d514-nina-saint\\\/#\\\/schema\\\/logo\\\/image\\\/\",\"url\":\"http:\\\/\\\/diderot.education\\\/56d514-nina-saint\\\/wp-content\\\/uploads\\\/sites\\\/837\\\/2025\\\/07\\\/Design-sans-titre.png\",\"contentUrl\":\"http:\\\/\\\/diderot.education\\\/56d514-nina-saint\\\/wp-content\\\/uploads\\\/sites\\\/837\\\/2025\\\/07\\\/Design-sans-titre.png\",\"width\":500,\"height\":500,\"caption\":\"Nina Saint \u00e9cologie\"},\"image\":{\"@id\":\"http:\\\/\\\/diderot.education\\\/56d514-nina-saint\\\/#\\\/schema\\\/logo\\\/image\\\/\"}}]}<\/script>\n<!-- \/ Yoast SEO plugin. -->","yoast_head_json":{"title":"Espace pro - Nina Saint \u00e9cologie","robots":{"index":"index","follow":"follow","max-snippet":"max-snippet:-1","max-image-preview":"max-image-preview:large","max-video-preview":"max-video-preview:-1"},"canonical":"http:\/\/diderot.education\/56d514-nina-saint\/about\/","og_locale":"fr_FR","og_type":"article","og_title":"Espace pro - Nina Saint \u00e9cologie","og_description":"Espace pro Etudiante en \u00e9cologie, actuellement \u00e0 la recherche d&rsquo;une alternance Mon objectif Contribuer activement \u00e0 des projets concrets li\u00e9s \u00e0 : La protection de la faune sauvage La gestion de la biodiversit\u00e9 L&rsquo;\u00e9ducation \u00e0 l&rsquo;environnement Les suivis de terrain et la m\u00e9diation scientifique Mon profil Je suis Nina, \u00e9tudiante en 1\u00e8re ann\u00e9e de master \u00e0 l&rsquo;EGPN. Voici un aper\u00e7u de mes comp\u00e9tences : Inventaire naturalistes (mammif\u00e8res, oiseaux, amphibiens&#8230;) Utilisation de SIG (QGIS) Analyse de donn\u00e9es environnementales Sensibilisation et communication nature Ce que je peux vous apporter Une grande motivation et une volont\u00e9 d&rsquo;apprendre Une approche rigoureuse, sur le terrain comme au bureau Un regard passionn\u00e9 sur la nature et ses enjeux \u00a0 T\u00e9l\u00e9charger mon CV Contact : ninasaint@egpn.fr Disponible \u00e0 Montpellier et ses alentours. Je suis v\u00e9hicul\u00e9e. Merci pour votre visite ! J&rsquo;ai h\u00e2te de collaborer avec une structure engag\u00e9e pour la biodiversit\u00e9.","og_url":"http:\/\/diderot.education\/56d514-nina-saint\/about\/","og_site_name":"Nina Saint \u00e9cologie","article_modified_time":"2025-07-28T01:16:41+00:00","og_image":[{"url":"https:\/\/s.w.org\/images\/core\/emoji\/15.0.3\/svg\/1f4cd.svg","type":"","width":"","height":""}],"twitter_card":"summary_large_image","twitter_misc":{"Dur\u00e9e de lecture estim\u00e9e":"1 minute"},"schema":{"@context":"https:\/\/schema.org","@graph":[{"@type":"WebPage","@id":"http:\/\/diderot.education\/56d514-nina-saint\/about\/","url":"http:\/\/diderot.education\/56d514-nina-saint\/about\/","name":"Espace pro - Nina Saint \u00e9cologie","isPartOf":{"@id":"http:\/\/diderot.education\/56d514-nina-saint\/#website"},"primaryImageOfPage":{"@id":"http:\/\/diderot.education\/56d514-nina-saint\/about\/#primaryimage"},"image":{"@id":"http:\/\/diderot.education\/56d514-nina-saint\/about\/#primaryimage"},"thumbnailUrl":"https:\/\/s.w.org\/images\/core\/emoji\/15.0.3\/svg\/1f4cd.svg","datePublished":"2023-08-17T06:02:53+00:00","dateModified":"2025-07-28T01:16:41+00:00","breadcrumb":{"@id":"http:\/\/diderot.education\/56d514-nina-saint\/about\/#breadcrumb"},"inLanguage":"fr-FR","potentialAction":[{"@type":"ReadAction","target":["http:\/\/diderot.education\/56d514-nina-saint\/about\/"]}]},{"@type":"ImageObject","inLanguage":"fr-FR","@id":"http:\/\/diderot.education\/56d514-nina-saint\/about\/#primaryimage","url":"https:\/\/s.w.org\/images\/core\/emoji\/15.0.3\/svg\/1f4cd.svg","contentUrl":"https:\/\/s.w.org\/images\/core\/emoji\/15.0.3\/svg\/1f4cd.svg"},{"@type":"BreadcrumbList","@id":"http:\/\/diderot.education\/56d514-nina-saint\/about\/#breadcrumb","itemListElement":[{"@type":"ListItem","position":1,"name":"Accueil","item":"http:\/\/diderot.education\/56d514-nina-saint\/"},{"@type":"ListItem","position":2,"name":"Espace pro"}]},{"@type":"WebSite","@id":"http:\/\/diderot.education\/56d514-nina-saint\/#website","url":"http:\/\/diderot.education\/56d514-nina-saint\/","name":"Nina Saint \u00e9cologie","description":"","publisher":{"@id":"http:\/\/diderot.education\/56d514-nina-saint\/#organization"},"potentialAction":[{"@type":"SearchAction","target":{"@type":"EntryPoint","urlTemplate":"http:\/\/diderot.education\/56d514-nina-saint\/?s={search_term_string}"},"query-input":{"@type":"PropertyValueSpecification","valueRequired":true,"valueName":"search_term_string"}}],"inLanguage":"fr-FR"},{"@type":"Organization","@id":"http:\/\/diderot.education\/56d514-nina-saint\/#organization","name":"Nina Saint \u00e9cologie","url":"http:\/\/diderot.education\/56d514-nina-saint\/","logo":{"@type":"ImageObject","inLanguage":"fr-FR","@id":"http:\/\/diderot.education\/56d514-nina-saint\/#\/schema\/logo\/image\/","url":"http:\/\/diderot.education\/56d514-nina-saint\/wp-content\/uploads\/sites\/837\/2025\/07\/Design-sans-titre.png","contentUrl":"http:\/\/diderot.education\/56d514-nina-saint\/wp-content\/uploads\/sites\/837\/2025\/07\/Design-sans-titre.png","width":500,"height":500,"caption":"Nina Saint \u00e9cologie"},"image":{"@id":"http:\/\/diderot.education\/56d514-nina-saint\/#\/schema\/logo\/image\/"}}]}},"_links":{"self":[{"href":"http:\/\/diderot.education\/56d514-nina-saint\/wp-json\/wp\/v2\/pages\/440","targetHints":{"allow":["GET"]}}],"collection":[{"href":"http:\/\/diderot.education\/56d514-nina-saint\/wp-json\/wp\/v2\/pages"}],"about":[{"href":"http:\/\/diderot.education\/56d514-nina-saint\/wp-json\/wp\/v2\/types\/page"}],"author":[{"embeddable":true,"href":"http:\/\/diderot.education\/56d514-nina-saint\/wp-json\/wp\/v2\/users\/843"}],"replies":[{"embeddable":true,"href":"http:\/\/diderot.education\/56d514-nina-saint\/wp-json\/wp\/v2\/comments?post=440"}],"version-history":[{"count":223,"href":"http:\/\/diderot.education\/56d514-nina-saint\/wp-json\/wp\/v2\/pages\/440\/revisions"}],"predecessor-version":[{"id":1375,"href":"http:\/\/diderot.education\/56d514-nina-saint\/wp-json\/wp\/v2\/pages\/440\/revisions\/1375"}],"wp:attachment":[{"href":"http:\/\/diderot.education\/56d514-nina-saint\/wp-json\/wp\/v2\/media?parent=440"}],"curies":[{"name":"wp","href":"https:\/\/api.w.org\/{rel}","templated":true}]}}