{"id":9,"date":"2023-04-05T12:05:04","date_gmt":"2023-04-05T10:05:04","guid":{"rendered":"http:\/\/diderot.education\/642bf47f99cfc-aurelien-boyer\/?page_id=9"},"modified":"2023-04-21T02:15:58","modified_gmt":"2023-04-21T00:15:58","slug":"accueil","status":"publish","type":"page","link":"http:\/\/diderot.education\/642bf47f99cfc-aurelien-boyer\/","title":{"rendered":"Accueil"},"content":{"rendered":"\t\t<div data-elementor-type=\"wp-page\" data-elementor-id=\"9\" class=\"elementor elementor-9\">\n\t\t\t\t\t\t<section class=\"elementor-section elementor-top-section elementor-element elementor-element-be69013 elementor-section-stretched elementor-section-content-middle elementor-section-boxed elementor-section-height-default elementor-section-height-default wpr-particle-no wpr-jarallax-no wpr-parallax-no wpr-sticky-section-no wpr-equal-height-no\" data-id=\"be69013\" data-element_type=\"section\" data-e-type=\"section\" data-settings=\"{&quot;stretch_section&quot;:&quot;section-stretched&quot;}\">\n\t\t\t\t\t\t<div class=\"elementor-container elementor-column-gap-default\">\n\t\t\t\t\t<div class=\"elementor-column elementor-col-50 elementor-top-column elementor-element elementor-element-1a63dc9\" data-id=\"1a63dc9\" data-element_type=\"column\" data-e-type=\"column\">\n\t\t\t<div class=\"elementor-widget-wrap elementor-element-populated\">\n\t\t\t\t\t\t<div class=\"elementor-element elementor-element-cd97083 elementor-widget elementor-widget-image\" data-id=\"cd97083\" data-element_type=\"widget\" data-e-type=\"widget\" data-widget_type=\"image.default\">\n\t\t\t\t<div class=\"elementor-widget-container\">\n\t\t\t\t\t\t\t\t\t\t\t\t\t\t\t<img fetchpriority=\"high\" decoding=\"async\" width=\"263\" height=\"300\" src=\"http:\/\/diderot.education\/642bf47f99cfc-aurelien-boyer\/wp-content\/uploads\/sites\/242\/2023\/04\/resu-28-263x300.jpg\" class=\"attachment-medium size-medium wp-image-51\" alt=\"\" srcset=\"http:\/\/diderot.education\/642bf47f99cfc-aurelien-boyer\/wp-content\/uploads\/sites\/242\/2023\/04\/resu-28-263x300.jpg 263w, http:\/\/diderot.education\/642bf47f99cfc-aurelien-boyer\/wp-content\/uploads\/sites\/242\/2023\/04\/resu-28-898x1024.jpg 898w, http:\/\/diderot.education\/642bf47f99cfc-aurelien-boyer\/wp-content\/uploads\/sites\/242\/2023\/04\/resu-28-768x876.jpg 768w, http:\/\/diderot.education\/642bf47f99cfc-aurelien-boyer\/wp-content\/uploads\/sites\/242\/2023\/04\/resu-28.jpg 1221w\" sizes=\"(max-width: 263px) 100vw, 263px\" \/>\t\t\t\t\t\t\t\t\t\t\t\t\t\t\t<\/div>\n\t\t\t\t<\/div>\n\t\t\t\t\t<\/div>\n\t\t<\/div>\n\t\t\t\t<div class=\"elementor-column elementor-col-50 elementor-top-column elementor-element elementor-element-4c192ee\" data-id=\"4c192ee\" data-element_type=\"column\" data-e-type=\"column\">\n\t\t\t<div class=\"elementor-widget-wrap elementor-element-populated\">\n\t\t\t\t\t\t<div class=\"elementor-element elementor-element-614af81 elementor-widget elementor-widget-heading\" data-id=\"614af81\" data-element_type=\"widget\" data-e-type=\"widget\" data-widget_type=\"heading.default\">\n\t\t\t\t<div class=\"elementor-widget-container\">\n\t\t\t\t\t<h2 class=\"elementor-heading-title elementor-size-default\">Aur\u00e9lien BOYER<br><br>Naturaliste<br>Photographe Animalier<\/h2>\t\t\t\t<\/div>\n\t\t\t\t<\/div>\n\t\t\t\t\t<\/div>\n\t\t<\/div>\n\t\t\t\t\t<\/div>\n\t\t<\/section>\n\t\t\t\t<section class=\"elementor-section elementor-top-section elementor-element elementor-element-22980ac elementor-section-boxed elementor-section-height-default elementor-section-height-default wpr-particle-no wpr-jarallax-no wpr-parallax-no wpr-sticky-section-no wpr-equal-height-no\" data-id=\"22980ac\" data-element_type=\"section\" data-e-type=\"section\">\n\t\t\t\t\t\t<div class=\"elementor-container elementor-column-gap-default\">\n\t\t\t\t\t<div class=\"elementor-column elementor-col-100 elementor-top-column elementor-element elementor-element-fc826d1\" data-id=\"fc826d1\" data-element_type=\"column\" data-e-type=\"column\">\n\t\t\t<div class=\"elementor-widget-wrap elementor-element-populated\">\n\t\t\t\t\t\t<div class=\"elementor-element elementor-element-8c429c8 elementor-widget elementor-widget-spacer\" data-id=\"8c429c8\" data-element_type=\"widget\" data-e-type=\"widget\" data-widget_type=\"spacer.default\">\n\t\t\t\t<div class=\"elementor-widget-container\">\n\t\t\t\t\t\t\t<div class=\"elementor-spacer\">\n\t\t\t<div class=\"elementor-spacer-inner\"><\/div>\n\t\t<\/div>\n\t\t\t\t\t\t<\/div>\n\t\t\t\t<\/div>\n\t\t\t\t<div class=\"elementor-element elementor-element-ba8ad3d elementor-widget elementor-widget-image\" data-id=\"ba8ad3d\" data-element_type=\"widget\" data-e-type=\"widget\" data-widget_type=\"image.default\">\n\t\t\t\t<div class=\"elementor-widget-container\">\n\t\t\t\t\t\t\t\t\t\t\t\t\t\t\t<img decoding=\"async\" width=\"768\" height=\"294\" src=\"http:\/\/diderot.education\/642bf47f99cfc-aurelien-boyer\/wp-content\/uploads\/sites\/242\/2023\/04\/IMG_4322-1-768x294.jpg\" class=\"attachment-medium_large size-medium_large wp-image-33\" alt=\"\" srcset=\"http:\/\/diderot.education\/642bf47f99cfc-aurelien-boyer\/wp-content\/uploads\/sites\/242\/2023\/04\/IMG_4322-1-768x294.jpg 768w, http:\/\/diderot.education\/642bf47f99cfc-aurelien-boyer\/wp-content\/uploads\/sites\/242\/2023\/04\/IMG_4322-1-300x115.jpg 300w, http:\/\/diderot.education\/642bf47f99cfc-aurelien-boyer\/wp-content\/uploads\/sites\/242\/2023\/04\/IMG_4322-1-1024x392.jpg 1024w, http:\/\/diderot.education\/642bf47f99cfc-aurelien-boyer\/wp-content\/uploads\/sites\/242\/2023\/04\/IMG_4322-1-1536x588.jpg 1536w, http:\/\/diderot.education\/642bf47f99cfc-aurelien-boyer\/wp-content\/uploads\/sites\/242\/2023\/04\/IMG_4322-1-2048x784.jpg 2048w\" sizes=\"(max-width: 768px) 100vw, 768px\" \/>\t\t\t\t\t\t\t\t\t\t\t\t\t\t\t<\/div>\n\t\t\t\t<\/div>\n\t\t\t\t<div class=\"elementor-element elementor-element-3efe68a elementor-widget elementor-widget-heading\" data-id=\"3efe68a\" data-element_type=\"widget\" data-e-type=\"widget\" data-widget_type=\"heading.default\">\n\t\t\t\t<div class=\"elementor-widget-container\">\n\t\t\t\t\t<h2 class=\"elementor-heading-title elementor-size-default\">Capturer un instant de beaut\u00e9<\/h2>\t\t\t\t<\/div>\n\t\t\t\t<\/div>\n\t\t\t\t\t<\/div>\n\t\t<\/div>\n\t\t\t\t\t<\/div>\n\t\t<\/section>\n\t\t\t\t<section class=\"elementor-section elementor-top-section elementor-element elementor-element-1ee4540b elementor-section-content-middle elementor-section-boxed elementor-section-height-default elementor-section-height-default wpr-particle-no wpr-jarallax-no wpr-parallax-no wpr-sticky-section-no wpr-equal-height-no\" data-id=\"1ee4540b\" data-element_type=\"section\" data-e-type=\"section\">\n\t\t\t\t\t\t<div class=\"elementor-container elementor-column-gap-no\">\n\t\t\t\t\t<div class=\"elementor-column elementor-col-100 elementor-top-column elementor-element elementor-element-7639b1f6\" data-id=\"7639b1f6\" data-element_type=\"column\" data-e-type=\"column\">\n\t\t\t<div class=\"elementor-widget-wrap elementor-element-populated\">\n\t\t\t\t\t\t<div class=\"elementor-element elementor-element-7dd994c4 elementor-widget elementor-widget-heading\" data-id=\"7dd994c4\" data-element_type=\"widget\" data-e-type=\"widget\" data-widget_type=\"heading.default\">\n\t\t\t\t<div class=\"elementor-widget-container\">\n\t\t\t\t\t<h4 class=\"elementor-heading-title elementor-size-default\">Savoir Vivre L'instant<\/h4>\t\t\t\t<\/div>\n\t\t\t\t<\/div>\n\t\t\t\t<div class=\"elementor-element elementor-element-4ae1f8d9 elementor-widget elementor-widget-text-editor\" data-id=\"4ae1f8d9\" data-element_type=\"widget\" data-e-type=\"widget\" data-widget_type=\"text-editor.default\">\n\t\t\t\t<div class=\"elementor-widget-container\">\n\t\t\t\t\t\t\t\t\t<p>Dans notre monde actuel, il est n\u00e9cessaire de savoir se d\u00e9connecter<\/p><p>Il faut apprendre \u00e0 vivre, seul ou bien accompagn\u00e9<\/p>\t\t\t\t\t\t\t\t<\/div>\n\t\t\t\t<\/div>\n\t\t\t\t<div class=\"elementor-element elementor-element-d78f0e2 elementor-widget elementor-widget-video\" data-id=\"d78f0e2\" data-element_type=\"widget\" data-e-type=\"widget\" data-settings=\"{&quot;youtube_url&quot;:&quot;https:\\\/\\\/www.youtube.com\\\/watch?v=0awaV9E2iZo&amp;t=105s&quot;,&quot;video_type&quot;:&quot;youtube&quot;,&quot;controls&quot;:&quot;yes&quot;}\" data-widget_type=\"video.default\">\n\t\t\t\t<div class=\"elementor-widget-container\">\n\t\t\t\t\t\t\t<div class=\"elementor-wrapper elementor-open-inline\">\n\t\t\t<div class=\"elementor-video\"><\/div>\t\t<\/div>\n\t\t\t\t\t\t<\/div>\n\t\t\t\t<\/div>\n\t\t\t\t\t<\/div>\n\t\t<\/div>\n\t\t\t\t\t<\/div>\n\t\t<\/section>\n\t\t\t\t<\/div>\n\t\t","protected":false},"excerpt":{"rendered":"<p>Aur\u00e9lien BOYER NaturalistePhotographe Animalier Capturer un instant de beaut\u00e9 Savoir Vivre L&rsquo;instant Dans notre monde actuel, il est n\u00e9cessaire de savoir se d\u00e9connecter Il faut apprendre \u00e0 vivre, seul ou bien accompagn\u00e9 https:\/\/www.youtube.com\/watch?v=0awaV9E2iZo&#038;t=105s<\/p>\n","protected":false},"author":243,"featured_media":0,"parent":0,"menu_order":0,"comment_status":"closed","ping_status":"closed","template":"","meta":{"om_disable_all_campaigns":false,"footnotes":""},"class_list":["post-9","page","type-page","status-publish","hentry"],"featured_image_src":null,"yoast_head":"<!-- This site is optimized with the Yoast SEO plugin v27.5 - https:\/\/yoast.com\/product\/yoast-seo-wordpress\/ -->\n<title>Accueil - Aurelien BOYER<\/title>\n<meta name=\"robots\" content=\"index, follow, max-snippet:-1, max-image-preview:large, max-video-preview:-1\" \/>\n<link rel=\"canonical\" href=\"http:\/\/diderot.education\/642bf47f99cfc-aurelien-boyer\/\" \/>\n<meta property=\"og:locale\" content=\"fr_FR\" \/>\n<meta property=\"og:type\" content=\"article\" \/>\n<meta property=\"og:title\" content=\"Accueil - Aurelien BOYER\" \/>\n<meta property=\"og:description\" content=\"Aur\u00e9lien BOYER NaturalistePhotographe Animalier Capturer un instant de beaut\u00e9 Savoir Vivre L&rsquo;instant Dans notre monde actuel, il est n\u00e9cessaire de savoir se d\u00e9connecter Il faut apprendre \u00e0 vivre, seul ou bien accompagn\u00e9 https:\/\/www.youtube.com\/watch?v=0awaV9E2iZo&#038;t=105s\" \/>\n<meta property=\"og:url\" content=\"http:\/\/diderot.education\/642bf47f99cfc-aurelien-boyer\/\" \/>\n<meta property=\"og:site_name\" content=\"Aurelien BOYER\" \/>\n<meta property=\"article:modified_time\" content=\"2023-04-21T00:15:58+00:00\" \/>\n<meta property=\"og:image\" content=\"http:\/\/diderot.education\/642bf47f99cfc-aurelien-boyer\/wp-content\/uploads\/sites\/242\/2023\/04\/resu-28-263x300.jpg\" \/>\n<meta name=\"twitter:card\" content=\"summary_large_image\" \/>\n<meta name=\"twitter:label1\" content=\"Dur\u00e9e de lecture estim\u00e9e\" \/>\n\t<meta name=\"twitter:data1\" content=\"1 minute\" \/>\n<script type=\"application\/ld+json\" class=\"yoast-schema-graph\">{\"@context\":\"https:\\\/\\\/schema.org\",\"@graph\":[{\"@type\":\"WebPage\",\"@id\":\"http:\\\/\\\/diderot.education\\\/642bf47f99cfc-aurelien-boyer\\\/\",\"url\":\"http:\\\/\\\/diderot.education\\\/642bf47f99cfc-aurelien-boyer\\\/\",\"name\":\"Accueil - Aurelien BOYER\",\"isPartOf\":{\"@id\":\"http:\\\/\\\/diderot.education\\\/642bf47f99cfc-aurelien-boyer\\\/#website\"},\"primaryImageOfPage\":{\"@id\":\"http:\\\/\\\/diderot.education\\\/642bf47f99cfc-aurelien-boyer\\\/#primaryimage\"},\"image\":{\"@id\":\"http:\\\/\\\/diderot.education\\\/642bf47f99cfc-aurelien-boyer\\\/#primaryimage\"},\"thumbnailUrl\":\"http:\\\/\\\/diderot.education\\\/642bf47f99cfc-aurelien-boyer\\\/wp-content\\\/uploads\\\/sites\\\/242\\\/2023\\\/04\\\/resu-28-263x300.jpg\",\"datePublished\":\"2023-04-05T10:05:04+00:00\",\"dateModified\":\"2023-04-21T00:15:58+00:00\",\"breadcrumb\":{\"@id\":\"http:\\\/\\\/diderot.education\\\/642bf47f99cfc-aurelien-boyer\\\/#breadcrumb\"},\"inLanguage\":\"fr-FR\",\"potentialAction\":[{\"@type\":\"ReadAction\",\"target\":[\"http:\\\/\\\/diderot.education\\\/642bf47f99cfc-aurelien-boyer\\\/\"]}]},{\"@type\":\"ImageObject\",\"inLanguage\":\"fr-FR\",\"@id\":\"http:\\\/\\\/diderot.education\\\/642bf47f99cfc-aurelien-boyer\\\/#primaryimage\",\"url\":\"http:\\\/\\\/diderot.education\\\/642bf47f99cfc-aurelien-boyer\\\/wp-content\\\/uploads\\\/sites\\\/242\\\/2023\\\/04\\\/resu-28.jpg\",\"contentUrl\":\"http:\\\/\\\/diderot.education\\\/642bf47f99cfc-aurelien-boyer\\\/wp-content\\\/uploads\\\/sites\\\/242\\\/2023\\\/04\\\/resu-28.jpg\",\"width\":1221,\"height\":1393},{\"@type\":\"BreadcrumbList\",\"@id\":\"http:\\\/\\\/diderot.education\\\/642bf47f99cfc-aurelien-boyer\\\/#breadcrumb\",\"itemListElement\":[{\"@type\":\"ListItem\",\"position\":1,\"name\":\"Accueil\",\"item\":\"http:\\\/\\\/diderot.education\\\/642bf47f99cfc-aurelien-boyer\\\/\"},{\"@type\":\"ListItem\",\"position\":2,\"name\":\"Accueil\"}]},{\"@type\":\"WebSite\",\"@id\":\"http:\\\/\\\/diderot.education\\\/642bf47f99cfc-aurelien-boyer\\\/#website\",\"url\":\"http:\\\/\\\/diderot.education\\\/642bf47f99cfc-aurelien-boyer\\\/\",\"name\":\"Aurelien BOYER\",\"description\":\"Le site d&#039;un passionn\u00e9\",\"publisher\":{\"@id\":\"http:\\\/\\\/diderot.education\\\/642bf47f99cfc-aurelien-boyer\\\/#organization\"},\"potentialAction\":[{\"@type\":\"SearchAction\",\"target\":{\"@type\":\"EntryPoint\",\"urlTemplate\":\"http:\\\/\\\/diderot.education\\\/642bf47f99cfc-aurelien-boyer\\\/?s={search_term_string}\"},\"query-input\":{\"@type\":\"PropertyValueSpecification\",\"valueRequired\":true,\"valueName\":\"search_term_string\"}}],\"inLanguage\":\"fr-FR\"},{\"@type\":\"Organization\",\"@id\":\"http:\\\/\\\/diderot.education\\\/642bf47f99cfc-aurelien-boyer\\\/#organization\",\"name\":\"Aurelien BOYER\",\"url\":\"http:\\\/\\\/diderot.education\\\/642bf47f99cfc-aurelien-boyer\\\/\",\"logo\":{\"@type\":\"ImageObject\",\"inLanguage\":\"fr-FR\",\"@id\":\"http:\\\/\\\/diderot.education\\\/642bf47f99cfc-aurelien-boyer\\\/#\\\/schema\\\/logo\\\/image\\\/\",\"url\":\"http:\\\/\\\/diderot.education\\\/642bf47f99cfc-aurelien-boyer\\\/wp-content\\\/uploads\\\/sites\\\/242\\\/2023\\\/04\\\/cropped-cropped-Beige-et-Vert-Vintage-Moderne-Badge-Hotels-et-Voyage-Logo.png\",\"contentUrl\":\"http:\\\/\\\/diderot.education\\\/642bf47f99cfc-aurelien-boyer\\\/wp-content\\\/uploads\\\/sites\\\/242\\\/2023\\\/04\\\/cropped-cropped-Beige-et-Vert-Vintage-Moderne-Badge-Hotels-et-Voyage-Logo.png\",\"width\":512,\"height\":512,\"caption\":\"Aurelien BOYER\"},\"image\":{\"@id\":\"http:\\\/\\\/diderot.education\\\/642bf47f99cfc-aurelien-boyer\\\/#\\\/schema\\\/logo\\\/image\\\/\"},\"sameAs\":[\"https:\\\/\\\/www.instagram.com\\\/aurelien.byr\\\/\"]}]}<\/script>\n<!-- \/ Yoast SEO plugin. -->","yoast_head_json":{"title":"Accueil - Aurelien BOYER","robots":{"index":"index","follow":"follow","max-snippet":"max-snippet:-1","max-image-preview":"max-image-preview:large","max-video-preview":"max-video-preview:-1"},"canonical":"http:\/\/diderot.education\/642bf47f99cfc-aurelien-boyer\/","og_locale":"fr_FR","og_type":"article","og_title":"Accueil - Aurelien BOYER","og_description":"Aur\u00e9lien BOYER NaturalistePhotographe Animalier Capturer un instant de beaut\u00e9 Savoir Vivre L&rsquo;instant Dans notre monde actuel, il est n\u00e9cessaire de savoir se d\u00e9connecter Il faut apprendre \u00e0 vivre, seul ou bien accompagn\u00e9 https:\/\/www.youtube.com\/watch?v=0awaV9E2iZo&#038;t=105s","og_url":"http:\/\/diderot.education\/642bf47f99cfc-aurelien-boyer\/","og_site_name":"Aurelien BOYER","article_modified_time":"2023-04-21T00:15:58+00:00","og_image":[{"url":"http:\/\/diderot.education\/642bf47f99cfc-aurelien-boyer\/wp-content\/uploads\/sites\/242\/2023\/04\/resu-28-263x300.jpg","type":"","width":"","height":""}],"twitter_card":"summary_large_image","twitter_misc":{"Dur\u00e9e de lecture estim\u00e9e":"1 minute"},"schema":{"@context":"https:\/\/schema.org","@graph":[{"@type":"WebPage","@id":"http:\/\/diderot.education\/642bf47f99cfc-aurelien-boyer\/","url":"http:\/\/diderot.education\/642bf47f99cfc-aurelien-boyer\/","name":"Accueil - Aurelien BOYER","isPartOf":{"@id":"http:\/\/diderot.education\/642bf47f99cfc-aurelien-boyer\/#website"},"primaryImageOfPage":{"@id":"http:\/\/diderot.education\/642bf47f99cfc-aurelien-boyer\/#primaryimage"},"image":{"@id":"http:\/\/diderot.education\/642bf47f99cfc-aurelien-boyer\/#primaryimage"},"thumbnailUrl":"http:\/\/diderot.education\/642bf47f99cfc-aurelien-boyer\/wp-content\/uploads\/sites\/242\/2023\/04\/resu-28-263x300.jpg","datePublished":"2023-04-05T10:05:04+00:00","dateModified":"2023-04-21T00:15:58+00:00","breadcrumb":{"@id":"http:\/\/diderot.education\/642bf47f99cfc-aurelien-boyer\/#breadcrumb"},"inLanguage":"fr-FR","potentialAction":[{"@type":"ReadAction","target":["http:\/\/diderot.education\/642bf47f99cfc-aurelien-boyer\/"]}]},{"@type":"ImageObject","inLanguage":"fr-FR","@id":"http:\/\/diderot.education\/642bf47f99cfc-aurelien-boyer\/#primaryimage","url":"http:\/\/diderot.education\/642bf47f99cfc-aurelien-boyer\/wp-content\/uploads\/sites\/242\/2023\/04\/resu-28.jpg","contentUrl":"http:\/\/diderot.education\/642bf47f99cfc-aurelien-boyer\/wp-content\/uploads\/sites\/242\/2023\/04\/resu-28.jpg","width":1221,"height":1393},{"@type":"BreadcrumbList","@id":"http:\/\/diderot.education\/642bf47f99cfc-aurelien-boyer\/#breadcrumb","itemListElement":[{"@type":"ListItem","position":1,"name":"Accueil","item":"http:\/\/diderot.education\/642bf47f99cfc-aurelien-boyer\/"},{"@type":"ListItem","position":2,"name":"Accueil"}]},{"@type":"WebSite","@id":"http:\/\/diderot.education\/642bf47f99cfc-aurelien-boyer\/#website","url":"http:\/\/diderot.education\/642bf47f99cfc-aurelien-boyer\/","name":"Aurelien BOYER","description":"Le site d&#039;un passionn\u00e9","publisher":{"@id":"http:\/\/diderot.education\/642bf47f99cfc-aurelien-boyer\/#organization"},"potentialAction":[{"@type":"SearchAction","target":{"@type":"EntryPoint","urlTemplate":"http:\/\/diderot.education\/642bf47f99cfc-aurelien-boyer\/?s={search_term_string}"},"query-input":{"@type":"PropertyValueSpecification","valueRequired":true,"valueName":"search_term_string"}}],"inLanguage":"fr-FR"},{"@type":"Organization","@id":"http:\/\/diderot.education\/642bf47f99cfc-aurelien-boyer\/#organization","name":"Aurelien BOYER","url":"http:\/\/diderot.education\/642bf47f99cfc-aurelien-boyer\/","logo":{"@type":"ImageObject","inLanguage":"fr-FR","@id":"http:\/\/diderot.education\/642bf47f99cfc-aurelien-boyer\/#\/schema\/logo\/image\/","url":"http:\/\/diderot.education\/642bf47f99cfc-aurelien-boyer\/wp-content\/uploads\/sites\/242\/2023\/04\/cropped-cropped-Beige-et-Vert-Vintage-Moderne-Badge-Hotels-et-Voyage-Logo.png","contentUrl":"http:\/\/diderot.education\/642bf47f99cfc-aurelien-boyer\/wp-content\/uploads\/sites\/242\/2023\/04\/cropped-cropped-Beige-et-Vert-Vintage-Moderne-Badge-Hotels-et-Voyage-Logo.png","width":512,"height":512,"caption":"Aurelien BOYER"},"image":{"@id":"http:\/\/diderot.education\/642bf47f99cfc-aurelien-boyer\/#\/schema\/logo\/image\/"},"sameAs":["https:\/\/www.instagram.com\/aurelien.byr\/"]}]}},"_links":{"self":[{"href":"http:\/\/diderot.education\/642bf47f99cfc-aurelien-boyer\/wp-json\/wp\/v2\/pages\/9","targetHints":{"allow":["GET"]}}],"collection":[{"href":"http:\/\/diderot.education\/642bf47f99cfc-aurelien-boyer\/wp-json\/wp\/v2\/pages"}],"about":[{"href":"http:\/\/diderot.education\/642bf47f99cfc-aurelien-boyer\/wp-json\/wp\/v2\/types\/page"}],"author":[{"embeddable":true,"href":"http:\/\/diderot.education\/642bf47f99cfc-aurelien-boyer\/wp-json\/wp\/v2\/users\/243"}],"replies":[{"embeddable":true,"href":"http:\/\/diderot.education\/642bf47f99cfc-aurelien-boyer\/wp-json\/wp\/v2\/comments?post=9"}],"version-history":[{"count":25,"href":"http:\/\/diderot.education\/642bf47f99cfc-aurelien-boyer\/wp-json\/wp\/v2\/pages\/9\/revisions"}],"predecessor-version":[{"id":171,"href":"http:\/\/diderot.education\/642bf47f99cfc-aurelien-boyer\/wp-json\/wp\/v2\/pages\/9\/revisions\/171"}],"wp:attachment":[{"href":"http:\/\/diderot.education\/642bf47f99cfc-aurelien-boyer\/wp-json\/wp\/v2\/media?parent=9"}],"curies":[{"name":"wp","href":"https:\/\/api.w.org\/{rel}","templated":true}]}}