{"id":60,"date":"2024-01-28T16:43:31","date_gmt":"2024-01-28T15:43:31","guid":{"rendered":"http:\/\/diderot.education\/65537b9653b8d-lea-perego\/?page_id=60"},"modified":"2024-10-24T14:20:56","modified_gmt":"2024-10-24T12:20:56","slug":"mon-cv","status":"publish","type":"page","link":"http:\/\/diderot.education\/65537b9653b8d-lea-perego\/mon-cv\/","title":{"rendered":"A propos de moi&#8230;"},"content":{"rendered":"\t\t<div data-elementor-type=\"wp-page\" data-elementor-id=\"60\" class=\"elementor elementor-60\">\n\t\t\t\t\t\t<section class=\"elementor-section elementor-top-section elementor-element elementor-element-71e62db11 elementor-section-boxed elementor-section-height-default elementor-section-height-default wpr-particle-no wpr-jarallax-no wpr-parallax-no wpr-sticky-section-no wpr-equal-height-no\" data-id=\"71e62db11\" data-element_type=\"section\" data-e-type=\"section\">\n\t\t\t\t\t\t<div class=\"elementor-container elementor-column-gap-default\">\n\t\t\t\t\t<div class=\"elementor-column elementor-col-33 elementor-top-column elementor-element elementor-element-20d76165\" data-id=\"20d76165\" data-element_type=\"column\" data-e-type=\"column\">\n\t\t\t<div class=\"elementor-widget-wrap elementor-element-populated\">\n\t\t\t\t\t\t<div class=\"elementor-element elementor-element-7b501196 wpr-flip-box-animation-fade elementor-widget__width-initial wpr-flip-box-front-align-center wpr-flip-box-back-align-center elementor-widget elementor-widget-wpr-flip-box\" data-id=\"7b501196\" data-element_type=\"widget\" data-e-type=\"widget\" data-widget_type=\"wpr-flip-box.default\">\n\t\t\t\t<div class=\"elementor-widget-container\">\n\t\t\t\t\t\t\t\t\n\t\t<div class=\"wpr-flip-box\" data-trigger=\"hover\">\n\t\t\t\n\t\t\t<div class=\"wpr-flip-box-item wpr-flip-box-front wpr-anim-timing-ease-default\">\n\n\t\t\t\t<div class=\"wpr-flip-box-overlay\"><\/div>\n\n\t\t\t\t<div class=\"wpr-flip-box-content\">\n\t\t\t\t\t\n\t\t\t\t\t\t\t\t\t\t<div class=\"wpr-flip-box-icon\">\n\t\t\t\t\t\t<i class=\"far fa-user\"><\/i>\n\t\t\t\t\t<\/div>\n\t\t\t\t\t\t\t\t\t\t\n\t\t\t\t\t\t\t\t\t\t\t<h3 class=\"wpr-flip-box-title\">Qui suis-je ?<\/h3>\n\t\t\t\t\t\n\t\t\t\t\t\t\n\n\t\t\t\t\t\t\n\n\t\t\t\t<\/div>\n\t\t\t<\/div>\n\n\t\t\t<div class=\"wpr-flip-box-item wpr-flip-box-back wpr-anim-timing-ease-default\">\n\n\t\t\t\t<div class=\"wpr-flip-box-overlay\"><\/div>\n\t\t\t\t\n\t\t\t\t<div class=\"wpr-flip-box-content\">\n\t\t\t\t\t\n\t\t\t\t\t\t\t\t\t\t<a class=\"wpr-flip-box-link\" ><\/a>\t\n\t\t\t\t\t\n\t\t\t\t\t\t\t\t\t\t\n\t\t\t\t\t\n\t\t\t\t\t\t\t\t\t\t\t<div class=\"wpr-flip-box-description\"><p>Moi c'est L\u00e9a Perego, j'ai 22 ans et actuellement je suis \u00e9tudiante en 3\u00e8me ann\u00e9e de Bachelor en Gestion et Valorisation Naturaliste \u00e0 l'Ecole de Gestion et Protection de la Nature (EGPN) de Toulouse.\u00a0<\/p><\/div>\t\t\t\t\t\t\n\t\t\t\t\t\t\n\n\t\t\t\t\t\t\n\n\t\t\t\t<\/div>\n\t\t\t<\/div>\n\t\t<\/div>\n\n\t\t\t\t\t\t<\/div>\n\t\t\t\t<\/div>\n\t\t\t\t\t<\/div>\n\t\t<\/div>\n\t\t\t\t<div class=\"elementor-column elementor-col-33 elementor-top-column elementor-element elementor-element-24b6ac94\" data-id=\"24b6ac94\" data-element_type=\"column\" data-e-type=\"column\">\n\t\t\t<div class=\"elementor-widget-wrap elementor-element-populated\">\n\t\t\t\t\t\t<div class=\"elementor-element elementor-element-222bfe48 wpr-flip-box-animation-fade wpr-flip-box-front-align-center wpr-flip-box-back-align-center elementor-widget elementor-widget-wpr-flip-box\" data-id=\"222bfe48\" data-element_type=\"widget\" data-e-type=\"widget\" data-widget_type=\"wpr-flip-box.default\">\n\t\t\t\t<div class=\"elementor-widget-container\">\n\t\t\t\t\t\t\t\t\n\t\t<div class=\"wpr-flip-box\" data-trigger=\"hover\">\n\t\t\t\n\t\t\t<div class=\"wpr-flip-box-item wpr-flip-box-front wpr-anim-timing-ease-default\">\n\n\t\t\t\t<div class=\"wpr-flip-box-overlay\"><\/div>\n\n\t\t\t\t<div class=\"wpr-flip-box-content\">\n\t\t\t\t\t\n\t\t\t\t\t\t\t\t\t\t<div class=\"wpr-flip-box-icon\">\n\t\t\t\t\t\t<i class=\"far fa-smile-beam\"><\/i>\n\t\t\t\t\t<\/div>\n\t\t\t\t\t\t\t\t\t\t\n\t\t\t\t\t\t\t\t\t\t\t<h3 class=\"wpr-flip-box-title\">Ma personnalit\u00e9 <\/h3>\n\t\t\t\t\t\n\t\t\t\t\t\t\n\n\t\t\t\t\t\t\n\n\t\t\t\t<\/div>\n\t\t\t<\/div>\n\n\t\t\t<div class=\"wpr-flip-box-item wpr-flip-box-back wpr-anim-timing-ease-default\">\n\n\t\t\t\t<div class=\"wpr-flip-box-overlay\"><\/div>\n\t\t\t\t\n\t\t\t\t<div class=\"wpr-flip-box-content\">\n\t\t\t\t\t\n\t\t\t\t\t\t\t\t\t\t<a class=\"wpr-flip-box-link\" ><\/a>\t\n\t\t\t\t\t\n\t\t\t\t\t\t\t\t\t\t\n\t\t\t\t\t\n\t\t\t\t\t\t\t\t\t\t\t<div class=\"wpr-flip-box-description\"><p>On dit de moi que je suis quelqu'un de calme et r\u00e9serv\u00e9e au premier abord mais une fois que l'on me conna\u00eet je suis une personne joyeuse et dr\u00f4le.\u00a0<\/p><p>Au travail, je suis s\u00e9rieuse et appliqu\u00e9e ce qui je pense sont des qualit\u00e9s dans ce domaine.\u00a0<\/p><\/div>\t\t\t\t\t\t\n\t\t\t\t\t\t\n\n\t\t\t\t\t\t\n\n\t\t\t\t<\/div>\n\t\t\t<\/div>\n\t\t<\/div>\n\n\t\t\t\t\t\t<\/div>\n\t\t\t\t<\/div>\n\t\t\t\t\t<\/div>\n\t\t<\/div>\n\t\t\t\t<div class=\"elementor-column elementor-col-33 elementor-top-column elementor-element elementor-element-5e32e8f7\" data-id=\"5e32e8f7\" data-element_type=\"column\" data-e-type=\"column\">\n\t\t\t<div class=\"elementor-widget-wrap elementor-element-populated\">\n\t\t\t\t\t\t<div class=\"elementor-element elementor-element-5017b313 wpr-flip-box-animation-fade wpr-flip-box-front-align-center wpr-flip-box-back-align-center elementor-widget elementor-widget-wpr-flip-box\" data-id=\"5017b313\" data-element_type=\"widget\" data-e-type=\"widget\" data-widget_type=\"wpr-flip-box.default\">\n\t\t\t\t<div class=\"elementor-widget-container\">\n\t\t\t\t\t\t\t\t\n\t\t<div class=\"wpr-flip-box\" data-trigger=\"hover\">\n\t\t\t\n\t\t\t<div class=\"wpr-flip-box-item wpr-flip-box-front wpr-anim-timing-ease-default\">\n\n\t\t\t\t<div class=\"wpr-flip-box-overlay\"><\/div>\n\n\t\t\t\t<div class=\"wpr-flip-box-content\">\n\t\t\t\t\t\n\t\t\t\t\t\t\t\t\t\t<div class=\"wpr-flip-box-icon\">\n\t\t\t\t\t\t<i class=\"fas fa-feather-alt\"><\/i>\n\t\t\t\t\t<\/div>\n\t\t\t\t\t\t\t\t\t\t\n\t\t\t\t\t\t\t\t\t\t\t<h3 class=\"wpr-flip-box-title\">L'Ornithologie <\/h3>\n\t\t\t\t\t\n\t\t\t\t\t\t\n\n\t\t\t\t\t\t\n\n\t\t\t\t<\/div>\n\t\t\t<\/div>\n\n\t\t\t<div class=\"wpr-flip-box-item wpr-flip-box-back wpr-anim-timing-ease-default\">\n\n\t\t\t\t<div class=\"wpr-flip-box-overlay\"><\/div>\n\t\t\t\t\n\t\t\t\t<div class=\"wpr-flip-box-content\">\n\t\t\t\t\t\n\t\t\t\t\t\t\t\t\t\t<a class=\"wpr-flip-box-link\" ><\/a>\t\n\t\t\t\t\t\n\t\t\t\t\t\t\t\t\t\t\n\t\t\t\t\t\n\t\t\t\t\t\t\t\t\t\t\t<div class=\"wpr-flip-box-description\"><p>J'ai d\u00e9couvert l'ornitho il y a maintenant pr\u00e8s de 2 ans et \u00e7a m'a de suite passionn\u00e9e.\u00a0<\/p><p>Pour me perfectionner et pour rencontrer des gens qui ont la m\u00eame passion que moi j'ai int\u00e9gr\u00e9 la Ligue pour la Protection des Oiseaux (LPO) et Nature en Occitanie, des associations naturalistes. Je participe \u00e0 des sorties ornithologiques, \u00e0 des comptages et \u00e0 des actions de b\u00e9n\u00e9volat.\u00a0<\/p><\/div>\t\t\t\t\t\t\n\t\t\t\t\t\t\n\n\t\t\t\t\t\t\n\n\t\t\t\t<\/div>\n\t\t\t<\/div>\n\t\t<\/div>\n\n\t\t\t\t\t\t<\/div>\n\t\t\t\t<\/div>\n\t\t\t\t\t<\/div>\n\t\t<\/div>\n\t\t\t\t\t<\/div>\n\t\t<\/section>\n\t\t\t\t<section class=\"elementor-section elementor-top-section elementor-element elementor-element-7250c56 elementor-section-boxed elementor-section-height-default elementor-section-height-default wpr-particle-no wpr-jarallax-no wpr-parallax-no wpr-sticky-section-no wpr-equal-height-no\" data-id=\"7250c56\" data-element_type=\"section\" data-e-type=\"section\">\n\t\t\t\t\t\t<div class=\"elementor-container elementor-column-gap-default\">\n\t\t\t\t\t<div class=\"elementor-column elementor-col-33 elementor-top-column elementor-element elementor-element-94aa48e\" data-id=\"94aa48e\" data-element_type=\"column\" data-e-type=\"column\">\n\t\t\t<div class=\"elementor-widget-wrap elementor-element-populated\">\n\t\t\t\t\t\t<div class=\"elementor-element elementor-element-9ae0aec wpr-flip-box-animation-fade wpr-flip-box-front-align-center wpr-flip-box-back-align-center elementor-widget elementor-widget-wpr-flip-box\" data-id=\"9ae0aec\" data-element_type=\"widget\" data-e-type=\"widget\" data-widget_type=\"wpr-flip-box.default\">\n\t\t\t\t<div class=\"elementor-widget-container\">\n\t\t\t\t\t\t\t\t\n\t\t<div class=\"wpr-flip-box\" data-trigger=\"hover\">\n\t\t\t\n\t\t\t<div class=\"wpr-flip-box-item wpr-flip-box-front wpr-anim-timing-ease-default\">\n\n\t\t\t\t<div class=\"wpr-flip-box-overlay\"><\/div>\n\n\t\t\t\t<div class=\"wpr-flip-box-content\">\n\t\t\t\t\t\n\t\t\t\t\t\t\t\t\t\t<div class=\"wpr-flip-box-icon\">\n\t\t\t\t\t\t<i class=\"fas fa-horse-head\"><\/i>\n\t\t\t\t\t<\/div>\n\t\t\t\t\t\t\t\t\t\t\n\t\t\t\t\t\t\t\t\t\t\t<h3 class=\"wpr-flip-box-title\">Mes autres passions <\/h3>\n\t\t\t\t\t\n\t\t\t\t\t\t\n\n\t\t\t\t\t\t\n\n\t\t\t\t<\/div>\n\t\t\t<\/div>\n\n\t\t\t<div class=\"wpr-flip-box-item wpr-flip-box-back wpr-anim-timing-ease-default\">\n\n\t\t\t\t<div class=\"wpr-flip-box-overlay\"><\/div>\n\t\t\t\t\n\t\t\t\t<div class=\"wpr-flip-box-content\">\n\t\t\t\t\t\n\t\t\t\t\t\t\t\t\t\t<a class=\"wpr-flip-box-link\" href=\"#\"><\/a>\t\n\t\t\t\t\t\n\t\t\t\t\t\t\t\t\t\t\n\t\t\t\t\t\n\t\t\t\t\t\t\t\t\t\t\t<div class=\"wpr-flip-box-description\"><p>J'ai pratiqu\u00e9 l'\u00e9quitation durant plusieurs ann\u00e9es dont une o\u00f9 j'ai fais des concours.<\/p><p>De plus, j'aime beaucoup la danse car j'ai pratiqu\u00e9 du rock saut\u00e9 dont une ann\u00e9e o\u00f9 j'ai fait partie d'une troupe de com\u00e9die musicale.\u00a0<\/p><\/div>\t\t\t\t\t\t\n\t\t\t\t\t\t\n\n\t\t\t\t\t\t\n\n\t\t\t\t<\/div>\n\t\t\t<\/div>\n\t\t<\/div>\n\n\t\t\t\t\t\t<\/div>\n\t\t\t\t<\/div>\n\t\t\t\t\t<\/div>\n\t\t<\/div>\n\t\t\t\t<div class=\"elementor-column elementor-col-66 elementor-top-column elementor-element elementor-element-fbc1180\" data-id=\"fbc1180\" data-element_type=\"column\" data-e-type=\"column\">\n\t\t\t<div class=\"elementor-widget-wrap elementor-element-populated\">\n\t\t\t\t\t\t<div class=\"elementor-element elementor-element-17a984c wpr-flip-box-animation-fade wpr-flip-box-front-align-center wpr-flip-box-back-align-center elementor-widget elementor-widget-wpr-flip-box\" data-id=\"17a984c\" data-element_type=\"widget\" data-e-type=\"widget\" data-widget_type=\"wpr-flip-box.default\">\n\t\t\t\t<div class=\"elementor-widget-container\">\n\t\t\t\t\t\t\t\t\n\t\t<div class=\"wpr-flip-box\" data-trigger=\"hover\">\n\t\t\t\n\t\t\t<div class=\"wpr-flip-box-item wpr-flip-box-front wpr-anim-timing-ease-default\">\n\n\t\t\t\t<div class=\"wpr-flip-box-overlay\"><\/div>\n\n\t\t\t\t<div class=\"wpr-flip-box-content\">\n\t\t\t\t\t\n\t\t\t\t\t\t\t\t\t\t<div class=\"wpr-flip-box-icon\">\n\t\t\t\t\t\t<i class=\"far fa-paper-plane\"><\/i>\n\t\t\t\t\t<\/div>\n\t\t\t\t\t\t\t\t\t\t\n\t\t\t\t\t\t\t\t\t\t\t<h3 class=\"wpr-flip-box-title\">Mes projets <\/h3>\n\t\t\t\t\t\n\t\t\t\t\t\t\n\n\t\t\t\t\t\t\n\n\t\t\t\t<\/div>\n\t\t\t<\/div>\n\n\t\t\t<div class=\"wpr-flip-box-item wpr-flip-box-back wpr-anim-timing-ease-default\">\n\n\t\t\t\t<div class=\"wpr-flip-box-overlay\"><\/div>\n\t\t\t\t\n\t\t\t\t<div class=\"wpr-flip-box-content\">\n\t\t\t\t\t\n\t\t\t\t\t\t\t\t\t\t<a class=\"wpr-flip-box-link\" href=\"#\"><\/a>\t\n\t\t\t\t\t\n\t\t\t\t\t\t\t\t\t\t\n\t\t\t\t\t\n\t\t\t\t\t\t\t\t\t\t\t<div class=\"wpr-flip-box-description\"><p>Plus tard, j'aimerais travailler en tant que charg\u00e9e d'\u00e9tudes en ornithologie dans un bureau d'\u00e9tudes ou dans une association naturaliste comme la Ligue pour la Protection des Oiseaux.\u00a0<\/p><p>J'aimerais aussi parcourir le monde pour d\u00e9couvrir de nouveaux paysages, de nouvelles cultures et de nouvelles esp\u00e8ces d'oiseaux :).\u00a0<\/p><\/div>\t\t\t\t\t\t\n\t\t\t\t\t\t\n\n\t\t\t\t\t\t\n\n\t\t\t\t<\/div>\n\t\t\t<\/div>\n\t\t<\/div>\n\n\t\t\t\t\t\t<\/div>\n\t\t\t\t<\/div>\n\t\t\t\t\t<\/div>\n\t\t<\/div>\n\t\t\t\t\t<\/div>\n\t\t<\/section>\n\t\t\t\t<\/div>\n\t\t","protected":false},"excerpt":{"rendered":"<p>Qui suis-je ? Moi c&rsquo;est L\u00e9a Perego, j&rsquo;ai 22 ans et actuellement je suis \u00e9tudiante en 3\u00e8me ann\u00e9e de Bachelor en Gestion et Valorisation Naturaliste \u00e0 l&rsquo;Ecole de Gestion et Protection de la Nature (EGPN) de Toulouse.\u00a0 Ma personnalit\u00e9 On dit de moi que je suis quelqu&rsquo;un de calme et r\u00e9serv\u00e9e au premier abord mais une fois que l&rsquo;on me conna\u00eet je suis une personne joyeuse et dr\u00f4le.\u00a0 Au travail, je suis s\u00e9rieuse et appliqu\u00e9e ce qui je pense sont des qualit\u00e9s dans ce domaine.\u00a0 L&rsquo;Ornithologie J&rsquo;ai d\u00e9couvert l&rsquo;ornitho il y a maintenant pr\u00e8s de 2 ans et \u00e7a m&rsquo;a de suite passionn\u00e9e.\u00a0 Pour me perfectionner et pour rencontrer des gens qui ont la m\u00eame passion que moi j&rsquo;ai int\u00e9gr\u00e9 la Ligue pour la Protection des Oiseaux (LPO) et Nature en Occitanie, des associations naturalistes. Je participe \u00e0 des sorties ornithologiques, \u00e0 des comptages et \u00e0 des actions de b\u00e9n\u00e9volat.\u00a0 Mes autres passions J&rsquo;ai pratiqu\u00e9 l&rsquo;\u00e9quitation durant plusieurs ann\u00e9es dont une o\u00f9 j&rsquo;ai fais des concours. De plus, j&rsquo;aime beaucoup la danse car j&rsquo;ai pratiqu\u00e9 du rock saut\u00e9 dont une ann\u00e9e o\u00f9 j&rsquo;ai fait partie d&rsquo;une troupe de com\u00e9die musicale.\u00a0 Mes projets Plus tard, j&rsquo;aimerais travailler en tant que charg\u00e9e d&rsquo;\u00e9tudes en ornithologie dans un bureau d&rsquo;\u00e9tudes ou dans une association naturaliste comme la Ligue pour la Protection des Oiseaux.\u00a0 J&rsquo;aimerais aussi parcourir le monde pour d\u00e9couvrir de nouveaux paysages, de nouvelles cultures et de nouvelles esp\u00e8ces d&rsquo;oiseaux :).\u00a0<\/p>\n","protected":false},"author":436,"featured_media":0,"parent":0,"menu_order":0,"comment_status":"closed","ping_status":"closed","template":"","meta":{"om_disable_all_campaigns":false,"footnotes":""},"class_list":["post-60","page","type-page","status-publish","hentry"],"featured_image_src":null,"yoast_head":"<!-- This site is optimized with the Yoast SEO plugin v27.5 - https:\/\/yoast.com\/product\/yoast-seo-wordpress\/ -->\n<title>A propos de moi... - L\u00e9a Perego<\/title>\n<meta name=\"robots\" content=\"index, follow, max-snippet:-1, max-image-preview:large, max-video-preview:-1\" \/>\n<link rel=\"canonical\" href=\"http:\/\/diderot.education\/65537b9653b8d-lea-perego\/mon-cv\/\" \/>\n<meta property=\"og:locale\" content=\"fr_FR\" \/>\n<meta property=\"og:type\" content=\"article\" \/>\n<meta property=\"og:title\" content=\"A propos de moi... - L\u00e9a Perego\" \/>\n<meta property=\"og:description\" content=\"Qui suis-je ? Moi c&rsquo;est L\u00e9a Perego, j&rsquo;ai 22 ans et actuellement je suis \u00e9tudiante en 3\u00e8me ann\u00e9e de Bachelor en Gestion et Valorisation Naturaliste \u00e0 l&rsquo;Ecole de Gestion et Protection de la Nature (EGPN) de Toulouse.\u00a0 Ma personnalit\u00e9 On dit de moi que je suis quelqu&rsquo;un de calme et r\u00e9serv\u00e9e au premier abord mais une fois que l&rsquo;on me conna\u00eet je suis une personne joyeuse et dr\u00f4le.\u00a0 Au travail, je suis s\u00e9rieuse et appliqu\u00e9e ce qui je pense sont des qualit\u00e9s dans ce domaine.\u00a0 L&rsquo;Ornithologie J&rsquo;ai d\u00e9couvert l&rsquo;ornitho il y a maintenant pr\u00e8s de 2 ans et \u00e7a m&rsquo;a de suite passionn\u00e9e.\u00a0 Pour me perfectionner et pour rencontrer des gens qui ont la m\u00eame passion que moi j&rsquo;ai int\u00e9gr\u00e9 la Ligue pour la Protection des Oiseaux (LPO) et Nature en Occitanie, des associations naturalistes. Je participe \u00e0 des sorties ornithologiques, \u00e0 des comptages et \u00e0 des actions de b\u00e9n\u00e9volat.\u00a0 Mes autres passions J&rsquo;ai pratiqu\u00e9 l&rsquo;\u00e9quitation durant plusieurs ann\u00e9es dont une o\u00f9 j&rsquo;ai fais des concours. De plus, j&rsquo;aime beaucoup la danse car j&rsquo;ai pratiqu\u00e9 du rock saut\u00e9 dont une ann\u00e9e o\u00f9 j&rsquo;ai fait partie d&rsquo;une troupe de com\u00e9die musicale.\u00a0 Mes projets Plus tard, j&rsquo;aimerais travailler en tant que charg\u00e9e d&rsquo;\u00e9tudes en ornithologie dans un bureau d&rsquo;\u00e9tudes ou dans une association naturaliste comme la Ligue pour la Protection des Oiseaux.\u00a0 J&rsquo;aimerais aussi parcourir le monde pour d\u00e9couvrir de nouveaux paysages, de nouvelles cultures et de nouvelles esp\u00e8ces d&rsquo;oiseaux :).\u00a0\" \/>\n<meta property=\"og:url\" content=\"http:\/\/diderot.education\/65537b9653b8d-lea-perego\/mon-cv\/\" \/>\n<meta property=\"og:site_name\" content=\"L\u00e9a Perego\" \/>\n<meta property=\"article:modified_time\" content=\"2024-10-24T12:20:56+00:00\" \/>\n<meta name=\"twitter:card\" content=\"summary_large_image\" \/>\n<meta name=\"twitter:label1\" content=\"Dur\u00e9e de lecture estim\u00e9e\" \/>\n\t<meta name=\"twitter:data1\" content=\"2 minutes\" \/>\n<script type=\"application\/ld+json\" class=\"yoast-schema-graph\">{\"@context\":\"https:\\\/\\\/schema.org\",\"@graph\":[{\"@type\":\"WebPage\",\"@id\":\"http:\\\/\\\/diderot.education\\\/65537b9653b8d-lea-perego\\\/mon-cv\\\/\",\"url\":\"http:\\\/\\\/diderot.education\\\/65537b9653b8d-lea-perego\\\/mon-cv\\\/\",\"name\":\"A propos de moi... - L\u00e9a Perego\",\"isPartOf\":{\"@id\":\"http:\\\/\\\/diderot.education\\\/65537b9653b8d-lea-perego\\\/#website\"},\"datePublished\":\"2024-01-28T15:43:31+00:00\",\"dateModified\":\"2024-10-24T12:20:56+00:00\",\"breadcrumb\":{\"@id\":\"http:\\\/\\\/diderot.education\\\/65537b9653b8d-lea-perego\\\/mon-cv\\\/#breadcrumb\"},\"inLanguage\":\"fr-FR\",\"potentialAction\":[{\"@type\":\"ReadAction\",\"target\":[\"http:\\\/\\\/diderot.education\\\/65537b9653b8d-lea-perego\\\/mon-cv\\\/\"]}]},{\"@type\":\"BreadcrumbList\",\"@id\":\"http:\\\/\\\/diderot.education\\\/65537b9653b8d-lea-perego\\\/mon-cv\\\/#breadcrumb\",\"itemListElement\":[{\"@type\":\"ListItem\",\"position\":1,\"name\":\"Accueil\",\"item\":\"http:\\\/\\\/diderot.education\\\/65537b9653b8d-lea-perego\\\/\"},{\"@type\":\"ListItem\",\"position\":2,\"name\":\"A propos de moi&#8230;\"}]},{\"@type\":\"WebSite\",\"@id\":\"http:\\\/\\\/diderot.education\\\/65537b9653b8d-lea-perego\\\/#website\",\"url\":\"http:\\\/\\\/diderot.education\\\/65537b9653b8d-lea-perego\\\/\",\"name\":\"L\u00e9a Perego\",\"description\":\"\",\"potentialAction\":[{\"@type\":\"SearchAction\",\"target\":{\"@type\":\"EntryPoint\",\"urlTemplate\":\"http:\\\/\\\/diderot.education\\\/65537b9653b8d-lea-perego\\\/?s={search_term_string}\"},\"query-input\":{\"@type\":\"PropertyValueSpecification\",\"valueRequired\":true,\"valueName\":\"search_term_string\"}}],\"inLanguage\":\"fr-FR\"}]}<\/script>\n<!-- \/ Yoast SEO plugin. -->","yoast_head_json":{"title":"A propos de moi... - L\u00e9a Perego","robots":{"index":"index","follow":"follow","max-snippet":"max-snippet:-1","max-image-preview":"max-image-preview:large","max-video-preview":"max-video-preview:-1"},"canonical":"http:\/\/diderot.education\/65537b9653b8d-lea-perego\/mon-cv\/","og_locale":"fr_FR","og_type":"article","og_title":"A propos de moi... - L\u00e9a Perego","og_description":"Qui suis-je ? Moi c&rsquo;est L\u00e9a Perego, j&rsquo;ai 22 ans et actuellement je suis \u00e9tudiante en 3\u00e8me ann\u00e9e de Bachelor en Gestion et Valorisation Naturaliste \u00e0 l&rsquo;Ecole de Gestion et Protection de la Nature (EGPN) de Toulouse.\u00a0 Ma personnalit\u00e9 On dit de moi que je suis quelqu&rsquo;un de calme et r\u00e9serv\u00e9e au premier abord mais une fois que l&rsquo;on me conna\u00eet je suis une personne joyeuse et dr\u00f4le.\u00a0 Au travail, je suis s\u00e9rieuse et appliqu\u00e9e ce qui je pense sont des qualit\u00e9s dans ce domaine.\u00a0 L&rsquo;Ornithologie J&rsquo;ai d\u00e9couvert l&rsquo;ornitho il y a maintenant pr\u00e8s de 2 ans et \u00e7a m&rsquo;a de suite passionn\u00e9e.\u00a0 Pour me perfectionner et pour rencontrer des gens qui ont la m\u00eame passion que moi j&rsquo;ai int\u00e9gr\u00e9 la Ligue pour la Protection des Oiseaux (LPO) et Nature en Occitanie, des associations naturalistes. Je participe \u00e0 des sorties ornithologiques, \u00e0 des comptages et \u00e0 des actions de b\u00e9n\u00e9volat.\u00a0 Mes autres passions J&rsquo;ai pratiqu\u00e9 l&rsquo;\u00e9quitation durant plusieurs ann\u00e9es dont une o\u00f9 j&rsquo;ai fais des concours. De plus, j&rsquo;aime beaucoup la danse car j&rsquo;ai pratiqu\u00e9 du rock saut\u00e9 dont une ann\u00e9e o\u00f9 j&rsquo;ai fait partie d&rsquo;une troupe de com\u00e9die musicale.\u00a0 Mes projets Plus tard, j&rsquo;aimerais travailler en tant que charg\u00e9e d&rsquo;\u00e9tudes en ornithologie dans un bureau d&rsquo;\u00e9tudes ou dans une association naturaliste comme la Ligue pour la Protection des Oiseaux.\u00a0 J&rsquo;aimerais aussi parcourir le monde pour d\u00e9couvrir de nouveaux paysages, de nouvelles cultures et de nouvelles esp\u00e8ces d&rsquo;oiseaux :).\u00a0","og_url":"http:\/\/diderot.education\/65537b9653b8d-lea-perego\/mon-cv\/","og_site_name":"L\u00e9a Perego","article_modified_time":"2024-10-24T12:20:56+00:00","twitter_card":"summary_large_image","twitter_misc":{"Dur\u00e9e de lecture estim\u00e9e":"2 minutes"},"schema":{"@context":"https:\/\/schema.org","@graph":[{"@type":"WebPage","@id":"http:\/\/diderot.education\/65537b9653b8d-lea-perego\/mon-cv\/","url":"http:\/\/diderot.education\/65537b9653b8d-lea-perego\/mon-cv\/","name":"A propos de moi... - L\u00e9a Perego","isPartOf":{"@id":"http:\/\/diderot.education\/65537b9653b8d-lea-perego\/#website"},"datePublished":"2024-01-28T15:43:31+00:00","dateModified":"2024-10-24T12:20:56+00:00","breadcrumb":{"@id":"http:\/\/diderot.education\/65537b9653b8d-lea-perego\/mon-cv\/#breadcrumb"},"inLanguage":"fr-FR","potentialAction":[{"@type":"ReadAction","target":["http:\/\/diderot.education\/65537b9653b8d-lea-perego\/mon-cv\/"]}]},{"@type":"BreadcrumbList","@id":"http:\/\/diderot.education\/65537b9653b8d-lea-perego\/mon-cv\/#breadcrumb","itemListElement":[{"@type":"ListItem","position":1,"name":"Accueil","item":"http:\/\/diderot.education\/65537b9653b8d-lea-perego\/"},{"@type":"ListItem","position":2,"name":"A propos de moi&#8230;"}]},{"@type":"WebSite","@id":"http:\/\/diderot.education\/65537b9653b8d-lea-perego\/#website","url":"http:\/\/diderot.education\/65537b9653b8d-lea-perego\/","name":"L\u00e9a Perego","description":"","potentialAction":[{"@type":"SearchAction","target":{"@type":"EntryPoint","urlTemplate":"http:\/\/diderot.education\/65537b9653b8d-lea-perego\/?s={search_term_string}"},"query-input":{"@type":"PropertyValueSpecification","valueRequired":true,"valueName":"search_term_string"}}],"inLanguage":"fr-FR"}]}},"_links":{"self":[{"href":"http:\/\/diderot.education\/65537b9653b8d-lea-perego\/wp-json\/wp\/v2\/pages\/60","targetHints":{"allow":["GET"]}}],"collection":[{"href":"http:\/\/diderot.education\/65537b9653b8d-lea-perego\/wp-json\/wp\/v2\/pages"}],"about":[{"href":"http:\/\/diderot.education\/65537b9653b8d-lea-perego\/wp-json\/wp\/v2\/types\/page"}],"author":[{"embeddable":true,"href":"http:\/\/diderot.education\/65537b9653b8d-lea-perego\/wp-json\/wp\/v2\/users\/436"}],"replies":[{"embeddable":true,"href":"http:\/\/diderot.education\/65537b9653b8d-lea-perego\/wp-json\/wp\/v2\/comments?post=60"}],"version-history":[{"count":47,"href":"http:\/\/diderot.education\/65537b9653b8d-lea-perego\/wp-json\/wp\/v2\/pages\/60\/revisions"}],"predecessor-version":[{"id":752,"href":"http:\/\/diderot.education\/65537b9653b8d-lea-perego\/wp-json\/wp\/v2\/pages\/60\/revisions\/752"}],"wp:attachment":[{"href":"http:\/\/diderot.education\/65537b9653b8d-lea-perego\/wp-json\/wp\/v2\/media?parent=60"}],"curies":[{"name":"wp","href":"https:\/\/api.w.org\/{rel}","templated":true}]}}