{"id":878,"date":"2023-12-06T09:27:41","date_gmt":"2023-12-06T08:27:41","guid":{"rendered":"http:\/\/diderot.education\/6566ede33eaaf-matthias-porcheret\/?page_id=878"},"modified":"2024-04-24T15:25:32","modified_gmt":"2024-04-24T13:25:32","slug":"sport","status":"publish","type":"page","link":"http:\/\/diderot.education\/6566ede33eaaf-matthias-porcheret\/sport\/","title":{"rendered":"Sport"},"content":{"rendered":"\t\t<div data-elementor-type=\"wp-page\" data-elementor-id=\"878\" class=\"elementor elementor-878\">\n\t\t\t\t<div class=\"elementor-element elementor-element-3b5ed67 e-flex e-con-boxed wpr-particle-no wpr-jarallax-no wpr-parallax-no wpr-sticky-section-no wpr-equal-height-no e-con e-parent\" data-id=\"3b5ed67\" data-element_type=\"container\" data-e-type=\"container\">\n\t\t\t\t\t<div class=\"e-con-inner\">\n\t\t\t\t<div class=\"elementor-element elementor-element-d91077d elementor-position-top elementor-widget elementor-widget-image-box\" data-id=\"d91077d\" data-element_type=\"widget\" data-e-type=\"widget\" data-widget_type=\"image-box.default\">\n\t\t\t\t<div class=\"elementor-widget-container\">\n\t\t\t\t\t<div class=\"elementor-image-box-wrapper\"><figure class=\"elementor-image-box-img\"><img fetchpriority=\"high\" decoding=\"async\" width=\"1012\" height=\"1280\" src=\"http:\/\/diderot.education\/6566ede33eaaf-matthias-porcheret\/wp-content\/uploads\/sites\/468\/2024\/04\/IMG_0145.jpg\" class=\"attachment-full size-full wp-image-1002\" alt=\"\" srcset=\"http:\/\/diderot.education\/6566ede33eaaf-matthias-porcheret\/wp-content\/uploads\/sites\/468\/2024\/04\/IMG_0145.jpg 1012w, http:\/\/diderot.education\/6566ede33eaaf-matthias-porcheret\/wp-content\/uploads\/sites\/468\/2024\/04\/IMG_0145-237x300.jpg 237w, http:\/\/diderot.education\/6566ede33eaaf-matthias-porcheret\/wp-content\/uploads\/sites\/468\/2024\/04\/IMG_0145-810x1024.jpg 810w, http:\/\/diderot.education\/6566ede33eaaf-matthias-porcheret\/wp-content\/uploads\/sites\/468\/2024\/04\/IMG_0145-768x971.jpg 768w\" sizes=\"(max-width: 1012px) 100vw, 1012px\" \/><\/figure><div class=\"elementor-image-box-content\"><h3 class=\"elementor-image-box-title\">La musculaition<\/h3><p class=\"elementor-image-box-description\">Je pratique la musculation depuis maintenant 2 ans et demi.\nJ'adore ce sport et je souhaite me perfectionner<\/p><\/div><\/div>\t\t\t\t<\/div>\n\t\t\t\t<\/div>\n\t\t\t\t\t<\/div>\n\t\t\t\t<\/div>\n\t\t<div class=\"elementor-element elementor-element-072343e e-flex e-con-boxed wpr-particle-no wpr-jarallax-no wpr-parallax-no wpr-sticky-section-no wpr-equal-height-no e-con e-parent\" data-id=\"072343e\" data-element_type=\"container\" data-e-type=\"container\">\n\t\t\t\t\t<div class=\"e-con-inner\">\n\t\t<div class=\"elementor-element elementor-element-bb3556e e-con-full e-flex wpr-particle-no wpr-jarallax-no wpr-parallax-no wpr-sticky-section-no wpr-equal-height-no e-con e-child\" data-id=\"bb3556e\" data-element_type=\"container\" data-e-type=\"container\">\n\t\t\t\t<div class=\"elementor-element elementor-element-442f240 elementor-widget elementor-widget-image\" data-id=\"442f240\" data-element_type=\"widget\" data-e-type=\"widget\" data-widget_type=\"image.default\">\n\t\t\t\t<div class=\"elementor-widget-container\">\n\t\t\t\t\t\t\t\t\t\t\t\t\t\t\t<img decoding=\"async\" width=\"760\" height=\"557\" src=\"http:\/\/diderot.education\/6566ede33eaaf-matthias-porcheret\/wp-content\/uploads\/sites\/468\/2024\/04\/karate-1024x750.jpg\" class=\"attachment-large size-large wp-image-1005\" alt=\"\" srcset=\"http:\/\/diderot.education\/6566ede33eaaf-matthias-porcheret\/wp-content\/uploads\/sites\/468\/2024\/04\/karate-1024x750.jpg 1024w, http:\/\/diderot.education\/6566ede33eaaf-matthias-porcheret\/wp-content\/uploads\/sites\/468\/2024\/04\/karate-300x220.jpg 300w, http:\/\/diderot.education\/6566ede33eaaf-matthias-porcheret\/wp-content\/uploads\/sites\/468\/2024\/04\/karate-768x563.jpg 768w, http:\/\/diderot.education\/6566ede33eaaf-matthias-porcheret\/wp-content\/uploads\/sites\/468\/2024\/04\/karate-409x300.jpg 409w, http:\/\/diderot.education\/6566ede33eaaf-matthias-porcheret\/wp-content\/uploads\/sites\/468\/2024\/04\/karate.jpg 1500w\" sizes=\"(max-width: 760px) 100vw, 760px\" \/>\t\t\t\t\t\t\t\t\t\t\t\t\t\t\t<\/div>\n\t\t\t\t<\/div>\n\t\t\t\t<\/div>\n\t\t<div class=\"elementor-element elementor-element-22fd255 e-con-full e-flex wpr-particle-no wpr-jarallax-no wpr-parallax-no wpr-sticky-section-no wpr-equal-height-no e-con e-child\" data-id=\"22fd255\" data-element_type=\"container\" data-e-type=\"container\">\n\t\t\t\t<div class=\"elementor-element elementor-element-ea4ba99 elementor-widget elementor-widget-image\" data-id=\"ea4ba99\" data-element_type=\"widget\" data-e-type=\"widget\" data-widget_type=\"image.default\">\n\t\t\t\t<div class=\"elementor-widget-container\">\n\t\t\t\t\t\t\t\t\t\t\t\t\t\t\t<img decoding=\"async\" width=\"760\" height=\"507\" src=\"http:\/\/diderot.education\/6566ede33eaaf-matthias-porcheret\/wp-content\/uploads\/sites\/468\/2024\/04\/nat-1024x683.jpg\" class=\"attachment-large size-large wp-image-1004\" alt=\"\" srcset=\"http:\/\/diderot.education\/6566ede33eaaf-matthias-porcheret\/wp-content\/uploads\/sites\/468\/2024\/04\/nat-1024x683.jpg 1024w, http:\/\/diderot.education\/6566ede33eaaf-matthias-porcheret\/wp-content\/uploads\/sites\/468\/2024\/04\/nat-300x200.jpg 300w, http:\/\/diderot.education\/6566ede33eaaf-matthias-porcheret\/wp-content\/uploads\/sites\/468\/2024\/04\/nat-768x512.jpg 768w, http:\/\/diderot.education\/6566ede33eaaf-matthias-porcheret\/wp-content\/uploads\/sites\/468\/2024\/04\/nat-1536x1024.jpg 1536w, http:\/\/diderot.education\/6566ede33eaaf-matthias-porcheret\/wp-content\/uploads\/sites\/468\/2024\/04\/nat-421x281.jpg 421w, http:\/\/diderot.education\/6566ede33eaaf-matthias-porcheret\/wp-content\/uploads\/sites\/468\/2024\/04\/nat.jpg 2048w\" sizes=\"(max-width: 760px) 100vw, 760px\" \/>\t\t\t\t\t\t\t\t\t\t\t\t\t\t\t<\/div>\n\t\t\t\t<\/div>\n\t\t\t\t<\/div>\n\t\t<div class=\"elementor-element elementor-element-c3b80f6 e-con-full e-flex wpr-particle-no wpr-jarallax-no wpr-parallax-no wpr-sticky-section-no wpr-equal-height-no e-con e-child\" data-id=\"c3b80f6\" data-element_type=\"container\" data-e-type=\"container\">\n\t\t\t\t<div class=\"elementor-element elementor-element-4178f9b elementor-widget elementor-widget-image\" data-id=\"4178f9b\" data-element_type=\"widget\" data-e-type=\"widget\" data-widget_type=\"image.default\">\n\t\t\t\t<div class=\"elementor-widget-container\">\n\t\t\t\t\t\t\t\t\t\t\t\t\t\t\t<img loading=\"lazy\" decoding=\"async\" width=\"760\" height=\"428\" src=\"http:\/\/diderot.education\/6566ede33eaaf-matthias-porcheret\/wp-content\/uploads\/sites\/468\/2024\/04\/gym-1024x577.webp\" class=\"attachment-large size-large wp-image-1003\" alt=\"\" srcset=\"http:\/\/diderot.education\/6566ede33eaaf-matthias-porcheret\/wp-content\/uploads\/sites\/468\/2024\/04\/gym-1024x577.webp 1024w, http:\/\/diderot.education\/6566ede33eaaf-matthias-porcheret\/wp-content\/uploads\/sites\/468\/2024\/04\/gym-300x169.webp 300w, http:\/\/diderot.education\/6566ede33eaaf-matthias-porcheret\/wp-content\/uploads\/sites\/468\/2024\/04\/gym-768x433.webp 768w, http:\/\/diderot.education\/6566ede33eaaf-matthias-porcheret\/wp-content\/uploads\/sites\/468\/2024\/04\/gym-1536x866.webp 1536w, http:\/\/diderot.education\/6566ede33eaaf-matthias-porcheret\/wp-content\/uploads\/sites\/468\/2024\/04\/gym-2048x1155.webp 2048w, http:\/\/diderot.education\/6566ede33eaaf-matthias-porcheret\/wp-content\/uploads\/sites\/468\/2024\/04\/gym-421x237.webp 421w\" sizes=\"(max-width: 760px) 100vw, 760px\" \/>\t\t\t\t\t\t\t\t\t\t\t\t\t\t\t<\/div>\n\t\t\t\t<\/div>\n\t\t\t\t<\/div>\n\t\t\t\t\t<\/div>\n\t\t\t\t<\/div>\n\t\t<div class=\"elementor-element elementor-element-b9be6cd e-flex e-con-boxed wpr-particle-no wpr-jarallax-no wpr-parallax-no wpr-sticky-section-no wpr-equal-height-no e-con e-parent\" data-id=\"b9be6cd\" data-element_type=\"container\" data-e-type=\"container\">\n\t\t\t\t\t<div class=\"e-con-inner\">\n\t\t\t\t\t<\/div>\n\t\t\t\t<\/div>\n\t\t<div class=\"elementor-element elementor-element-21f8c80 e-flex e-con-boxed wpr-particle-no wpr-jarallax-no wpr-parallax-no wpr-sticky-section-no wpr-equal-height-no e-con e-parent\" data-id=\"21f8c80\" data-element_type=\"container\" data-e-type=\"container\">\n\t\t\t\t\t<div class=\"e-con-inner\">\n\t\t\t\t<div class=\"elementor-element elementor-element-ddc799f elementor-widget elementor-widget-text-editor\" data-id=\"ddc799f\" data-element_type=\"widget\" data-e-type=\"widget\" data-widget_type=\"text-editor.default\">\n\t\t\t\t<div class=\"elementor-widget-container\">\n\t\t\t\t\t\t\t\t\t<h4 style=\"text-align: center\"><span style=\"color: #000000\">j&rsquo;ai pratiqu\u00e9 d&rsquo;autres sports quand j&rsquo;\u00e9tais enfant<\/span><\/h4><h4 style=\"text-align: center\"><span style=\"color: #000000\">Comme le karat\u00e9, la natation et la gymnastique !<\/span><\/h4>\t\t\t\t\t\t\t\t<\/div>\n\t\t\t\t<\/div>\n\t\t\t\t\t<\/div>\n\t\t\t\t<\/div>\n\t\t<div class=\"elementor-element elementor-element-52670f3 e-flex e-con-boxed wpr-particle-no wpr-jarallax-no wpr-parallax-no wpr-sticky-section-no wpr-equal-height-no e-con e-parent\" data-id=\"52670f3\" data-element_type=\"container\" data-e-type=\"container\">\n\t\t\t\t\t<div class=\"e-con-inner\">\n\t\t\t\t<div class=\"elementor-element elementor-element-7df19ac elementor-widget elementor-widget-text-editor\" data-id=\"7df19ac\" data-element_type=\"widget\" data-e-type=\"widget\" data-widget_type=\"text-editor.default\">\n\t\t\t\t<div class=\"elementor-widget-container\">\n\t\t\t\t\t\t\t\t\t<h3 style=\"text-align: center\"><span style=\"color: #000000\">Quelques conseils si vous souhaitez vous lancer dans la musculation<\/span><\/h3><p>\u00a0<\/p><p><span style=\"color: #000000\"><strong>1. \u00c9tablissez des objectifs clairs et r\u00e9alistes<\/strong> : D\u00e9finissez ce que vous voulez accomplir avec votre programme de musculation. Que ce soit gagner en force, en masse musculaire, ou simplement am\u00e9liorer votre condition physique g\u00e9n\u00e9rale, des objectifs clairs vous donneront une direction \u00e0 suivre et vous motiveront \u00e0 progresser.<\/span><\/p><p>\u00a0<\/p><p><span style=\"color: #000000\"><strong>2. Adoptez une routine d&rsquo;entra\u00eenement coh\u00e9rente<\/strong> : La coh\u00e9rence est la cl\u00e9 du succ\u00e8s en musculation. \u00c9tablissez un programme d&rsquo;entra\u00eenement r\u00e9gulier qui cible toutes les principales groupes musculaires et respectez-le. Assurez-vous \u00e9galement de varier vos exercices pour \u00e9viter la stagnation et stimuler la croissance musculaire.<\/span><\/p><p>\u00a0<\/p><p><span style=\"color: #000000\"><strong>3. Concentrez-vous sur la forme et la technique<\/strong> : Une bonne technique est essentielle pour maximiser les r\u00e9sultats de vos entra\u00eenements tout en r\u00e9duisant le risque de blessure. Prenez le temps d&rsquo;apprendre la bonne forme pour chaque exercice et concentrez-vous sur le maintien d&rsquo;une technique appropri\u00e9e \u00e0 chaque r\u00e9p\u00e9tition.<\/span><\/p><p>\u00a0<\/p><p><span style=\"color: #000000\"><strong>4. N&rsquo;oubliez pas la r\u00e9cup\u00e9ration<\/strong> : Le repos et la r\u00e9cup\u00e9ration sont tout aussi importants que l&rsquo;entra\u00eenement lui-m\u00eame. Accordez \u00e0 votre corps suffisamment de temps pour r\u00e9cup\u00e9rer entre les s\u00e9ances d&rsquo;entra\u00eenement et assurez-vous de bien vous nourrir et de bien vous hydrater pour favoriser la r\u00e9cup\u00e9ration musculaire.<\/span><\/p><p>\u00a0<\/p><p><span style=\"color: #000000\"><strong>5. Adoptez une alimentation \u00e9quilibr\u00e9e<\/strong> : Une nutrition ad\u00e9quate est essentielle pour soutenir vos objectifs en musculation. Assurez-vous de consommer suffisamment de prot\u00e9ines pour favoriser la croissance musculaire, ainsi que des glucides et des graisses saines pour fournir l&rsquo;\u00e9nergie n\u00e9cessaire \u00e0 vos entra\u00eenements. De plus, restez hydrat\u00e9 en buvant beaucoup d&rsquo;eau tout au long de la journ\u00e9e.<\/span><\/p>\t\t\t\t\t\t\t\t<\/div>\n\t\t\t\t<\/div>\n\t\t\t\t\t<\/div>\n\t\t\t\t<\/div>\n\t\t\t\t<\/div>\n\t\t","protected":false},"excerpt":{"rendered":"<p>La musculaition Je pratique la musculation depuis maintenant 2 ans et demi. J&rsquo;adore ce sport et je souhaite me perfectionner j&rsquo;ai pratiqu\u00e9 d&rsquo;autres sports quand &hellip;<\/p>\n","protected":false},"author":470,"featured_media":0,"parent":0,"menu_order":0,"comment_status":"closed","ping_status":"closed","template":"","meta":{"om_disable_all_campaigns":false,"footnotes":""},"class_list":["post-878","page","type-page","status-publish","hentry"],"featured_image_src":null,"yoast_head":"<!-- This site is optimized with the Yoast SEO plugin v27.5 - https:\/\/yoast.com\/product\/yoast-seo-wordpress\/ -->\n<title>Sport - Matthias PORCHERET<\/title>\n<meta name=\"robots\" content=\"index, follow, max-snippet:-1, max-image-preview:large, max-video-preview:-1\" \/>\n<link rel=\"canonical\" href=\"http:\/\/diderot.education\/6566ede33eaaf-matthias-porcheret\/sport\/\" \/>\n<meta property=\"og:locale\" content=\"fr_FR\" \/>\n<meta property=\"og:type\" content=\"article\" \/>\n<meta property=\"og:title\" content=\"Sport - Matthias PORCHERET\" \/>\n<meta property=\"og:description\" content=\"La musculaition Je pratique la musculation depuis maintenant 2 ans et demi. J&rsquo;adore ce sport et je souhaite me perfectionner j&rsquo;ai pratiqu\u00e9 d&rsquo;autres sports quand &hellip;\" \/>\n<meta property=\"og:url\" content=\"http:\/\/diderot.education\/6566ede33eaaf-matthias-porcheret\/sport\/\" \/>\n<meta property=\"og:site_name\" content=\"Matthias PORCHERET\" \/>\n<meta property=\"article:modified_time\" content=\"2024-04-24T13:25:32+00:00\" \/>\n<meta property=\"og:image\" content=\"http:\/\/diderot.education\/6566ede33eaaf-matthias-porcheret\/wp-content\/uploads\/sites\/468\/2024\/04\/IMG_0145.jpg\" \/>\n<meta name=\"twitter:card\" content=\"summary_large_image\" \/>\n<meta name=\"twitter:label1\" content=\"Dur\u00e9e de lecture estim\u00e9e\" \/>\n\t<meta name=\"twitter:data1\" content=\"3 minutes\" \/>\n<script type=\"application\/ld+json\" class=\"yoast-schema-graph\">{\"@context\":\"https:\\\/\\\/schema.org\",\"@graph\":[{\"@type\":\"WebPage\",\"@id\":\"http:\\\/\\\/diderot.education\\\/6566ede33eaaf-matthias-porcheret\\\/sport\\\/\",\"url\":\"http:\\\/\\\/diderot.education\\\/6566ede33eaaf-matthias-porcheret\\\/sport\\\/\",\"name\":\"Sport - Matthias PORCHERET\",\"isPartOf\":{\"@id\":\"http:\\\/\\\/diderot.education\\\/6566ede33eaaf-matthias-porcheret\\\/#website\"},\"primaryImageOfPage\":{\"@id\":\"http:\\\/\\\/diderot.education\\\/6566ede33eaaf-matthias-porcheret\\\/sport\\\/#primaryimage\"},\"image\":{\"@id\":\"http:\\\/\\\/diderot.education\\\/6566ede33eaaf-matthias-porcheret\\\/sport\\\/#primaryimage\"},\"thumbnailUrl\":\"http:\\\/\\\/diderot.education\\\/6566ede33eaaf-matthias-porcheret\\\/wp-content\\\/uploads\\\/sites\\\/468\\\/2024\\\/04\\\/IMG_0145.jpg\",\"datePublished\":\"2023-12-06T08:27:41+00:00\",\"dateModified\":\"2024-04-24T13:25:32+00:00\",\"breadcrumb\":{\"@id\":\"http:\\\/\\\/diderot.education\\\/6566ede33eaaf-matthias-porcheret\\\/sport\\\/#breadcrumb\"},\"inLanguage\":\"fr-FR\",\"potentialAction\":[{\"@type\":\"ReadAction\",\"target\":[\"http:\\\/\\\/diderot.education\\\/6566ede33eaaf-matthias-porcheret\\\/sport\\\/\"]}]},{\"@type\":\"ImageObject\",\"inLanguage\":\"fr-FR\",\"@id\":\"http:\\\/\\\/diderot.education\\\/6566ede33eaaf-matthias-porcheret\\\/sport\\\/#primaryimage\",\"url\":\"http:\\\/\\\/diderot.education\\\/6566ede33eaaf-matthias-porcheret\\\/wp-content\\\/uploads\\\/sites\\\/468\\\/2024\\\/04\\\/IMG_0145.jpg\",\"contentUrl\":\"http:\\\/\\\/diderot.education\\\/6566ede33eaaf-matthias-porcheret\\\/wp-content\\\/uploads\\\/sites\\\/468\\\/2024\\\/04\\\/IMG_0145.jpg\",\"width\":1012,\"height\":1280},{\"@type\":\"BreadcrumbList\",\"@id\":\"http:\\\/\\\/diderot.education\\\/6566ede33eaaf-matthias-porcheret\\\/sport\\\/#breadcrumb\",\"itemListElement\":[{\"@type\":\"ListItem\",\"position\":1,\"name\":\"Accueil\",\"item\":\"http:\\\/\\\/diderot.education\\\/6566ede33eaaf-matthias-porcheret\\\/\"},{\"@type\":\"ListItem\",\"position\":2,\"name\":\"Sport\"}]},{\"@type\":\"WebSite\",\"@id\":\"http:\\\/\\\/diderot.education\\\/6566ede33eaaf-matthias-porcheret\\\/#website\",\"url\":\"http:\\\/\\\/diderot.education\\\/6566ede33eaaf-matthias-porcheret\\\/\",\"name\":\"Matthias PORCHERET\",\"description\":\"\",\"publisher\":{\"@id\":\"http:\\\/\\\/diderot.education\\\/6566ede33eaaf-matthias-porcheret\\\/#organization\"},\"potentialAction\":[{\"@type\":\"SearchAction\",\"target\":{\"@type\":\"EntryPoint\",\"urlTemplate\":\"http:\\\/\\\/diderot.education\\\/6566ede33eaaf-matthias-porcheret\\\/?s={search_term_string}\"},\"query-input\":{\"@type\":\"PropertyValueSpecification\",\"valueRequired\":true,\"valueName\":\"search_term_string\"}}],\"inLanguage\":\"fr-FR\"},{\"@type\":\"Organization\",\"@id\":\"http:\\\/\\\/diderot.education\\\/6566ede33eaaf-matthias-porcheret\\\/#organization\",\"name\":\"Matthias PORCHERET\",\"url\":\"http:\\\/\\\/diderot.education\\\/6566ede33eaaf-matthias-porcheret\\\/\",\"logo\":{\"@type\":\"ImageObject\",\"inLanguage\":\"fr-FR\",\"@id\":\"http:\\\/\\\/diderot.education\\\/6566ede33eaaf-matthias-porcheret\\\/#\\\/schema\\\/logo\\\/image\\\/\",\"url\":\"http:\\\/\\\/diderot.education\\\/6566ede33eaaf-matthias-porcheret\\\/wp-content\\\/uploads\\\/sites\\\/468\\\/2023\\\/11\\\/Mountain-Climb.jpg\",\"contentUrl\":\"http:\\\/\\\/diderot.education\\\/6566ede33eaaf-matthias-porcheret\\\/wp-content\\\/uploads\\\/sites\\\/468\\\/2023\\\/11\\\/Mountain-Climb.jpg\",\"width\":1080,\"height\":1080,\"caption\":\"Matthias PORCHERET\"},\"image\":{\"@id\":\"http:\\\/\\\/diderot.education\\\/6566ede33eaaf-matthias-porcheret\\\/#\\\/schema\\\/logo\\\/image\\\/\"}}]}<\/script>\n<!-- \/ Yoast SEO plugin. -->","yoast_head_json":{"title":"Sport - Matthias PORCHERET","robots":{"index":"index","follow":"follow","max-snippet":"max-snippet:-1","max-image-preview":"max-image-preview:large","max-video-preview":"max-video-preview:-1"},"canonical":"http:\/\/diderot.education\/6566ede33eaaf-matthias-porcheret\/sport\/","og_locale":"fr_FR","og_type":"article","og_title":"Sport - Matthias PORCHERET","og_description":"La musculaition Je pratique la musculation depuis maintenant 2 ans et demi. J&rsquo;adore ce sport et je souhaite me perfectionner j&rsquo;ai pratiqu\u00e9 d&rsquo;autres sports quand &hellip;","og_url":"http:\/\/diderot.education\/6566ede33eaaf-matthias-porcheret\/sport\/","og_site_name":"Matthias PORCHERET","article_modified_time":"2024-04-24T13:25:32+00:00","og_image":[{"url":"http:\/\/diderot.education\/6566ede33eaaf-matthias-porcheret\/wp-content\/uploads\/sites\/468\/2024\/04\/IMG_0145.jpg","type":"","width":"","height":""}],"twitter_card":"summary_large_image","twitter_misc":{"Dur\u00e9e de lecture estim\u00e9e":"3 minutes"},"schema":{"@context":"https:\/\/schema.org","@graph":[{"@type":"WebPage","@id":"http:\/\/diderot.education\/6566ede33eaaf-matthias-porcheret\/sport\/","url":"http:\/\/diderot.education\/6566ede33eaaf-matthias-porcheret\/sport\/","name":"Sport - Matthias PORCHERET","isPartOf":{"@id":"http:\/\/diderot.education\/6566ede33eaaf-matthias-porcheret\/#website"},"primaryImageOfPage":{"@id":"http:\/\/diderot.education\/6566ede33eaaf-matthias-porcheret\/sport\/#primaryimage"},"image":{"@id":"http:\/\/diderot.education\/6566ede33eaaf-matthias-porcheret\/sport\/#primaryimage"},"thumbnailUrl":"http:\/\/diderot.education\/6566ede33eaaf-matthias-porcheret\/wp-content\/uploads\/sites\/468\/2024\/04\/IMG_0145.jpg","datePublished":"2023-12-06T08:27:41+00:00","dateModified":"2024-04-24T13:25:32+00:00","breadcrumb":{"@id":"http:\/\/diderot.education\/6566ede33eaaf-matthias-porcheret\/sport\/#breadcrumb"},"inLanguage":"fr-FR","potentialAction":[{"@type":"ReadAction","target":["http:\/\/diderot.education\/6566ede33eaaf-matthias-porcheret\/sport\/"]}]},{"@type":"ImageObject","inLanguage":"fr-FR","@id":"http:\/\/diderot.education\/6566ede33eaaf-matthias-porcheret\/sport\/#primaryimage","url":"http:\/\/diderot.education\/6566ede33eaaf-matthias-porcheret\/wp-content\/uploads\/sites\/468\/2024\/04\/IMG_0145.jpg","contentUrl":"http:\/\/diderot.education\/6566ede33eaaf-matthias-porcheret\/wp-content\/uploads\/sites\/468\/2024\/04\/IMG_0145.jpg","width":1012,"height":1280},{"@type":"BreadcrumbList","@id":"http:\/\/diderot.education\/6566ede33eaaf-matthias-porcheret\/sport\/#breadcrumb","itemListElement":[{"@type":"ListItem","position":1,"name":"Accueil","item":"http:\/\/diderot.education\/6566ede33eaaf-matthias-porcheret\/"},{"@type":"ListItem","position":2,"name":"Sport"}]},{"@type":"WebSite","@id":"http:\/\/diderot.education\/6566ede33eaaf-matthias-porcheret\/#website","url":"http:\/\/diderot.education\/6566ede33eaaf-matthias-porcheret\/","name":"Matthias PORCHERET","description":"","publisher":{"@id":"http:\/\/diderot.education\/6566ede33eaaf-matthias-porcheret\/#organization"},"potentialAction":[{"@type":"SearchAction","target":{"@type":"EntryPoint","urlTemplate":"http:\/\/diderot.education\/6566ede33eaaf-matthias-porcheret\/?s={search_term_string}"},"query-input":{"@type":"PropertyValueSpecification","valueRequired":true,"valueName":"search_term_string"}}],"inLanguage":"fr-FR"},{"@type":"Organization","@id":"http:\/\/diderot.education\/6566ede33eaaf-matthias-porcheret\/#organization","name":"Matthias PORCHERET","url":"http:\/\/diderot.education\/6566ede33eaaf-matthias-porcheret\/","logo":{"@type":"ImageObject","inLanguage":"fr-FR","@id":"http:\/\/diderot.education\/6566ede33eaaf-matthias-porcheret\/#\/schema\/logo\/image\/","url":"http:\/\/diderot.education\/6566ede33eaaf-matthias-porcheret\/wp-content\/uploads\/sites\/468\/2023\/11\/Mountain-Climb.jpg","contentUrl":"http:\/\/diderot.education\/6566ede33eaaf-matthias-porcheret\/wp-content\/uploads\/sites\/468\/2023\/11\/Mountain-Climb.jpg","width":1080,"height":1080,"caption":"Matthias PORCHERET"},"image":{"@id":"http:\/\/diderot.education\/6566ede33eaaf-matthias-porcheret\/#\/schema\/logo\/image\/"}}]}},"_links":{"self":[{"href":"http:\/\/diderot.education\/6566ede33eaaf-matthias-porcheret\/wp-json\/wp\/v2\/pages\/878","targetHints":{"allow":["GET"]}}],"collection":[{"href":"http:\/\/diderot.education\/6566ede33eaaf-matthias-porcheret\/wp-json\/wp\/v2\/pages"}],"about":[{"href":"http:\/\/diderot.education\/6566ede33eaaf-matthias-porcheret\/wp-json\/wp\/v2\/types\/page"}],"author":[{"embeddable":true,"href":"http:\/\/diderot.education\/6566ede33eaaf-matthias-porcheret\/wp-json\/wp\/v2\/users\/470"}],"replies":[{"embeddable":true,"href":"http:\/\/diderot.education\/6566ede33eaaf-matthias-porcheret\/wp-json\/wp\/v2\/comments?post=878"}],"version-history":[{"count":13,"href":"http:\/\/diderot.education\/6566ede33eaaf-matthias-porcheret\/wp-json\/wp\/v2\/pages\/878\/revisions"}],"predecessor-version":[{"id":1028,"href":"http:\/\/diderot.education\/6566ede33eaaf-matthias-porcheret\/wp-json\/wp\/v2\/pages\/878\/revisions\/1028"}],"wp:attachment":[{"href":"http:\/\/diderot.education\/6566ede33eaaf-matthias-porcheret\/wp-json\/wp\/v2\/media?parent=878"}],"curies":[{"name":"wp","href":"https:\/\/api.w.org\/{rel}","templated":true}]}}